CRAN Package Check Results for Package gdiff

Last updated on 2025-07-05 13:48:25 CEST.

Flavor Version Tinstall Tcheck Ttotal Status Flags
r-devel-linux-x86_64-debian-clang 0.2-5 2.80 28.77 31.57 NOTE
r-devel-linux-x86_64-debian-gcc 0.2-5 2.42 22.83 25.25 NOTE
r-devel-linux-x86_64-fedora-clang 0.2-5 48.42 OK
r-devel-linux-x86_64-fedora-gcc 0.2-5 46.41 OK
r-devel-windows-x86_64 0.2-5 4.00 47.00 51.00 OK
r-patched-linux-x86_64 0.2-5 3.31 27.18 30.49 OK
r-release-linux-x86_64 0.2-5 2.75 26.67 29.42 OK
r-release-macos-arm64 0.2-5 22.00 OK
r-release-macos-x86_64 0.2-5 35.00 OK
r-release-windows-x86_64 0.2-5 5.00 48.00 53.00 OK
r-oldrel-macos-arm64 0.2-5 20.00 OK
r-oldrel-macos-x86_64 0.2-5 35.00 OK
r-oldrel-windows-x86_64 0.2-5 6.00 54.00 60.00 OK

Check Details

Version: 0.2-5
Check: CRAN incoming feasibility
Result: NOTE Maintainer: ‘Paul Murrell <paul@stat.auckland.ac.nz>’ No Authors@R field in DESCRIPTION. Please add one, modifying Authors@R: person(given = "Paul", family = "Murrell", role = c("aut", "cre"), email = "paul@stat.auckland.ac.nz") as necessary. Flavors: r-devel-linux-x86_64-debian-clang, r-devel-linux-x86_64-debian-gcc