Last updated on 2025-07-04 15:48:32 CEST.
Flavor | Version | Tinstall | Tcheck | Ttotal | Status | Flags |
---|---|---|---|---|---|---|
r-devel-linux-x86_64-debian-clang | 19.05.24 | 8.69 | 74.88 | 83.57 | NOTE | |
r-devel-linux-x86_64-debian-gcc | 19.05.24 | 6.69 | 56.81 | 63.50 | NOTE | |
r-devel-linux-x86_64-fedora-clang | 19.05.24 | 132.32 | OK | |||
r-devel-linux-x86_64-fedora-gcc | 19.05.24 | 129.10 | OK | |||
r-devel-windows-x86_64 | 19.05.24 | 10.00 | 83.00 | 93.00 | OK | |
r-patched-linux-x86_64 | 19.05.24 | 9.45 | 71.11 | 80.56 | OK | |
r-release-linux-x86_64 | 19.05.24 | 8.99 | 70.76 | 79.75 | OK | |
r-release-macos-arm64 | 19.05.24 | 45.00 | OK | |||
r-release-macos-x86_64 | 19.05.24 | 70.00 | OK | |||
r-release-windows-x86_64 | 19.05.24 | 11.00 | 84.00 | 95.00 | OK | |
r-oldrel-macos-arm64 | 19.05.24 | 34.00 | OK | |||
r-oldrel-macos-x86_64 | 19.05.24 | 56.00 | OK | |||
r-oldrel-windows-x86_64 | 19.05.24 | 14.00 | 103.00 | 117.00 | OK |
Version: 19.05.24
Check: CRAN incoming feasibility
Result: NOTE
Maintainer: ‘Hanjie Shen <shenhanjie0418@gmail.com>’
No Authors@R field in DESCRIPTION.
Please add one, modifying
Authors@R: c(person(given = "Hanjie",
family = "Shen",
role = c("aut", "cre"),
email = "shenhanjie0418@gmail.com"),
person(given = "Ruben",
family = "Carmona",
role = "aut",
email = "ruben.carmona13@gmail.com"),
person(given = "Loren",
family = "Mell",
role = "aut",
email = "lmell@ucsd.edu"))
as necessary.
Flavors: r-devel-linux-x86_64-debian-clang, r-devel-linux-x86_64-debian-gcc