CRAN Package Check Results for Package gcKrig

Last updated on 2025-07-04 15:48:32 CEST.

Flavor Version Tinstall Tcheck Ttotal Status Flags
r-devel-linux-x86_64-debian-clang 1.1.8 35.05 42.90 77.95 NOTE
r-devel-linux-x86_64-debian-gcc 1.1.8 25.26 32.23 57.49 NOTE
r-devel-linux-x86_64-fedora-clang 1.1.8 135.23 OK
r-devel-linux-x86_64-fedora-gcc 1.1.8 125.31 OK
r-devel-windows-x86_64 1.1.8 41.00 80.00 121.00 OK
r-patched-linux-x86_64 1.1.8 35.31 40.16 75.47 OK
r-release-linux-x86_64 1.1.8 36.08 40.43 76.51 OK
r-release-macos-arm64 1.1.8 36.00 OK
r-release-macos-x86_64 1.1.8 65.00 OK
r-release-windows-x86_64 1.1.8 41.00 85.00 126.00 OK
r-oldrel-macos-arm64 1.1.8 36.00 OK
r-oldrel-macos-x86_64 1.1.8 44.00 OK
r-oldrel-windows-x86_64 1.1.8 50.00 96.00 146.00 OK

Check Details

Version: 1.1.8
Check: CRAN incoming feasibility
Result: NOTE Maintainer: ‘Zifei Han <hanzifei1@gmail.com>’ No Authors@R field in DESCRIPTION. Please add one, modifying Authors@R: person(given = "Zifei", family = "Han", role = c("aut", "cre"), email = "hanzifei1@gmail.com") as necessary. Flavors: r-devel-linux-x86_64-debian-clang, r-devel-linux-x86_64-debian-gcc