Last updated on 2025-07-04 11:50:26 CEST.
Flavor | Version | Tinstall | Tcheck | Ttotal | Status | Flags |
---|---|---|---|---|---|---|
r-devel-linux-x86_64-debian-clang | 0.2.4 | 412.52 | 52.89 | 465.41 | OK | |
r-devel-linux-x86_64-debian-gcc | 0.2.4 | 224.38 | 47.50 | 271.88 | OK | |
r-devel-linux-x86_64-fedora-clang | 0.2.4 | 595.55 | OK | |||
r-devel-linux-x86_64-fedora-gcc | 0.2.4 | 752.50 | OK | |||
r-devel-windows-x86_64 | 0.2.4 | 243.00 | 134.00 | 377.00 | OK | |
r-patched-linux-x86_64 | 0.2.4 | 316.15 | 57.93 | 374.08 | OK | |
r-release-linux-x86_64 | 0.2.4 | 313.25 | 58.34 | 371.59 | OK | |
r-release-macos-arm64 | 0.2.4 | 173.00 | OK | |||
r-release-macos-x86_64 | 0.2.4 | 163.00 | OK | |||
r-release-windows-x86_64 | 0.2.4 | 244.00 | 133.00 | 377.00 | OK | |
r-oldrel-macos-arm64 | 0.2.4 | 171.00 | NOTE | |||
r-oldrel-macos-x86_64 | 0.2.4 | 180.00 | NOTE | |||
r-oldrel-windows-x86_64 | 0.2.4 | 249.00 | 147.00 | 396.00 | NOTE |
Version: 0.2.4
Check: installed package size
Result: NOTE
installed size is 55.2Mb
sub-directories of 1Mb or more:
libs 54.4Mb
Flavors: r-oldrel-macos-arm64, r-oldrel-macos-x86_64, r-oldrel-windows-x86_64