CRAN Package Check Results for Package fpa

Last updated on 2025-07-04 15:48:32 CEST.

Flavor Version Tinstall Tcheck Ttotal Status Flags
r-devel-linux-x86_64-debian-clang 1.0 5.19 46.44 51.63 NOTE
r-devel-linux-x86_64-debian-gcc 1.0 3.79 34.42 38.21 NOTE
r-devel-linux-x86_64-fedora-clang 1.0 77.51 OK
r-devel-linux-x86_64-fedora-gcc 1.0 78.79 OK
r-devel-windows-x86_64 1.0 6.00 59.00 65.00 OK
r-patched-linux-x86_64 1.0 5.00 43.67 48.67 OK
r-release-linux-x86_64 1.0 5.17 43.26 48.43 OK
r-release-macos-arm64 1.0 27.00 OK
r-release-macos-x86_64 1.0 48.00 OK
r-release-windows-x86_64 1.0 6.00 61.00 67.00 OK
r-oldrel-macos-arm64 1.0 25.00 OK
r-oldrel-macos-x86_64 1.0 36.00 OK
r-oldrel-windows-x86_64 1.0 8.00 75.00 83.00 OK

Check Details

Version: 1.0
Check: CRAN incoming feasibility
Result: NOTE Maintainer: ‘Jinlu Cao <caojinlu@gmail.com>’ No Authors@R field in DESCRIPTION. Please add one, modifying Authors@R: person(given = "Jinlu", family = "Cao", role = c("aut", "cre"), email = "caojinlu@gmail.com") as necessary. Flavors: r-devel-linux-x86_64-debian-clang, r-devel-linux-x86_64-debian-gcc