Last updated on 2025-07-05 05:50:27 CEST.
Flavor | Version | Tinstall | Tcheck | Ttotal | Status | Flags |
---|---|---|---|---|---|---|
r-devel-linux-x86_64-debian-clang | 1.0-2 | 124.87 | 157.30 | 282.17 | OK | |
r-devel-linux-x86_64-debian-gcc | 1.0-2 | 81.70 | 114.50 | 196.20 | OK | |
r-devel-linux-x86_64-fedora-clang | 1.0-2 | 495.90 | OK | |||
r-devel-linux-x86_64-fedora-gcc | 1.0-2 | 462.67 | OK | |||
r-devel-windows-x86_64 | 1.0-2 | 133.00 | 184.00 | 317.00 | OK | |
r-patched-linux-x86_64 | 1.0-2 | 115.42 | 154.77 | 270.19 | OK | |
r-release-linux-x86_64 | 1.0-2 | 115.74 | 155.23 | 270.97 | OK | |
r-release-macos-arm64 | 1.0-2 | 110.00 | OK | |||
r-release-macos-x86_64 | 1.0-2 | 188.00 | OK | |||
r-release-windows-x86_64 | 1.0-2 | 138.00 | 191.00 | 329.00 | OK | |
r-oldrel-macos-arm64 | 1.0-2 | 146.00 | NOTE | |||
r-oldrel-macos-x86_64 | 1.0-2 | 282.00 | NOTE | |||
r-oldrel-windows-x86_64 | 1.0-2 | 162.00 | 239.00 | 401.00 | OK |
Version: 1.0-2
Check: installed package size
Result: NOTE
installed size is 12.0Mb
sub-directories of 1Mb or more:
doc 1.6Mb
libs 9.5Mb
Flavors: r-oldrel-macos-arm64, r-oldrel-macos-x86_64