Last updated on 2025-07-12 21:50:43 CEST.
Flavor | Version | Tinstall | Tcheck | Ttotal | Status | Flags |
---|---|---|---|---|---|---|
r-devel-linux-x86_64-debian-clang | 1.1.1 | 230.43 | 83.18 | 313.61 | OK | |
r-devel-linux-x86_64-debian-gcc | 1.1.1 | 139.95 | 57.66 | 197.61 | OK | |
r-devel-linux-x86_64-fedora-clang | 1.1.1 | 447.73 | OK | |||
r-devel-linux-x86_64-fedora-gcc | 1.1.1 | 527.63 | OK | |||
r-devel-windows-x86_64 | 1.1.1 | 188.00 | 113.00 | 301.00 | OK | |
r-patched-linux-x86_64 | 1.1.1 | 204.55 | 79.27 | 283.82 | OK | |
r-release-linux-x86_64 | 1.1.1 | 207.05 | 76.65 | 283.70 | OK | |
r-release-macos-arm64 | 1.1.1 | 128.00 | OK | |||
r-release-macos-x86_64 | 1.1.1 | 196.00 | OK | |||
r-release-windows-x86_64 | 1.1.1 | 194.00 | 120.00 | 314.00 | OK | |
r-oldrel-macos-arm64 | 1.1.1 | 119.00 | NOTE | |||
r-oldrel-macos-x86_64 | 1.1.1 | 148.00 | NOTE | |||
r-oldrel-windows-x86_64 | 1.1.1 | 226.00 | 145.00 | 371.00 | OK |
Version: 1.1.1
Check: installed package size
Result: NOTE
installed size is 25.5Mb
sub-directories of 1Mb or more:
libs 25.1Mb
Flavors: r-oldrel-macos-arm64, r-oldrel-macos-x86_64