CRAN Package Check Results for Package fastrep

Last updated on 2025-07-19 22:50:21 CEST.

Flavor Version Tinstall Tcheck Ttotal Status Flags
r-devel-linux-x86_64-debian-clang 0.7 4.07 44.96 49.03 OK
r-devel-linux-x86_64-debian-gcc 0.7 2.86 33.90 36.76 OK
r-devel-linux-x86_64-fedora-clang 0.7 77.13 NOTE
r-devel-linux-x86_64-fedora-gcc 0.7 85.53 NOTE
r-devel-windows-x86_64 0.7 6.00 61.00 67.00 OK
r-patched-linux-x86_64 0.7 4.27 40.77 45.04 OK
r-release-linux-x86_64 0.7 3.70 41.47 45.17 OK
r-release-macos-arm64 0.7 31.00 OK
r-release-macos-x86_64 0.7 61.00 OK
r-release-windows-x86_64 0.7 5.00 59.00 64.00 OK
r-oldrel-macos-arm64 0.7 30.00 OK
r-oldrel-macos-x86_64 0.7 48.00 OK
r-oldrel-windows-x86_64 0.7 7.00 71.00 78.00 OK

Check Details

Version: 0.7
Check: dependencies in R code
Result: NOTE Namespace in Imports field not imported from: ‘ggplot2’ All declared Imports should be used. Flavors: r-devel-linux-x86_64-fedora-clang, r-devel-linux-x86_64-fedora-gcc