Last updated on 2025-07-04 02:51:48 CEST.
Flavor | Version | Tinstall | Tcheck | Ttotal | Status | Flags |
---|---|---|---|---|---|---|
r-devel-linux-x86_64-debian-clang | 3.0.1 | 37.48 | 39.47 | 76.95 | OK | |
r-devel-linux-x86_64-debian-gcc | 3.0.1 | 20.77 | 28.75 | 49.52 | OK | |
r-devel-linux-x86_64-fedora-clang | 3.0.1 | 124.17 | NOTE | |||
r-devel-linux-x86_64-fedora-gcc | 3.0.1 | 117.81 | NOTE | |||
r-devel-windows-x86_64 | 3.0.1 | 33.00 | 66.00 | 99.00 | OK | |
r-patched-linux-x86_64 | 3.0.1 | 40.05 | 36.83 | 76.88 | OK | |
r-release-linux-x86_64 | 3.0.1 | 33.36 | 36.55 | 69.91 | OK | |
r-release-macos-arm64 | 3.0.1 | 38.00 | OK | |||
r-release-macos-x86_64 | 3.0.1 | 70.00 | OK | |||
r-release-windows-x86_64 | 3.0.1 | 34.00 | 68.00 | 102.00 | OK | |
r-oldrel-macos-arm64 | 3.0.1 | 29.00 | NOTE | |||
r-oldrel-macos-x86_64 | 3.0.1 | 49.00 | NOTE | |||
r-oldrel-windows-x86_64 | 3.0.1 | 47.00 | 74.00 | 121.00 | NOTE |
Version: 3.0.1
Check: dependencies in R code
Result: NOTE
Namespaces in Imports field not imported from:
‘R6’ ‘caTools’ ‘httr’ ‘jsonlite’ ‘rlang’
All declared Imports should be used.
Flavors: r-devel-linux-x86_64-fedora-clang, r-devel-linux-x86_64-fedora-gcc
Version: 3.0.1
Check: LazyData
Result: NOTE
'LazyData' is specified without a 'data' directory
Flavors: r-oldrel-macos-arm64, r-oldrel-macos-x86_64, r-oldrel-windows-x86_64