Last updated on 2025-07-03 17:52:12 CEST.
Flavor | Version | Tinstall | Tcheck | Ttotal | Status | Flags |
---|---|---|---|---|---|---|
r-devel-linux-x86_64-debian-clang | 0.10.0 | 78.47 | 371.72 | 450.19 | NOTE | |
r-devel-linux-x86_64-debian-gcc | 0.10.0 | 53.98 | 244.69 | 298.67 | NOTE | |
r-devel-linux-x86_64-fedora-clang | 0.10.0 | 722.33 | NOTE | |||
r-devel-linux-x86_64-fedora-gcc | 0.10.0 | 689.86 | NOTE | |||
r-devel-windows-x86_64 | 0.10.0 | 86.00 | 341.00 | 427.00 | NOTE | |
r-patched-linux-x86_64 | 0.10.0 | 75.44 | 351.22 | 426.66 | NOTE | |
r-release-linux-x86_64 | 0.10.0 | 76.23 | 351.17 | 427.40 | NOTE | |
r-release-macos-arm64 | 0.10.0 | 205.00 | NOTE | |||
r-release-macos-x86_64 | 0.10.0 | 434.00 | NOTE | |||
r-release-windows-x86_64 | 0.10.0 | 86.00 | 336.00 | 422.00 | NOTE | |
r-oldrel-macos-arm64 | 0.10.0 | 190.00 | NOTE | |||
r-oldrel-macos-x86_64 | 0.10.0 | 297.00 | NOTE | |||
r-oldrel-windows-x86_64 | 0.10.0 | 106.00 | 476.00 | 582.00 | NOTE |
Version: 0.10.0
Check: C++ specification
Result: NOTE
Specified C++14: please drop specification unless essential
Flavors: r-devel-linux-x86_64-debian-clang, r-devel-linux-x86_64-debian-gcc, r-devel-linux-x86_64-fedora-clang, r-devel-linux-x86_64-fedora-gcc, r-devel-windows-x86_64, r-patched-linux-x86_64, r-release-linux-x86_64, r-release-macos-arm64, r-release-macos-x86_64, r-release-windows-x86_64, r-oldrel-macos-arm64, r-oldrel-macos-x86_64, r-oldrel-windows-x86_64
Version: 0.10.0
Check: installed package size
Result: NOTE
installed size is 7.5Mb
sub-directories of 1Mb or more:
libs 6.6Mb
Flavors: r-oldrel-macos-arm64, r-oldrel-macos-x86_64