Last updated on 2025-07-19 19:49:44 CEST.
Flavor | Version | Tinstall | Tcheck | Ttotal | Status | Flags |
---|---|---|---|---|---|---|
r-devel-linux-x86_64-debian-clang | 1.0.0 | 14.58 | 348.69 | 363.27 | NOTE | |
r-devel-linux-x86_64-debian-gcc | 1.0.0 | 10.20 | 270.49 | 280.69 | NOTE | |
r-devel-linux-x86_64-fedora-clang | 1.0.0 | 523.50 | NOTE | |||
r-devel-linux-x86_64-fedora-gcc | 1.0.0 | 566.45 | NOTE | |||
r-devel-windows-x86_64 | 1.0.0 | 16.00 | 264.00 | 280.00 | OK | |
r-patched-linux-x86_64 | 1.0.0 | 12.63 | 339.88 | 352.51 | OK | |
r-release-linux-x86_64 | 1.0.0 | 14.22 | 339.18 | 353.40 | OK | |
r-release-macos-arm64 | 1.0.0 | 182.00 | OK | |||
r-release-macos-x86_64 | 1.0.0 | 388.00 | OK | |||
r-release-windows-x86_64 | 1.0.0 | 15.00 | 260.00 | 275.00 | OK | |
r-oldrel-macos-arm64 | 1.0.0 | 155.00 | OK | |||
r-oldrel-macos-x86_64 | 1.0.0 | 236.00 | OK | |||
r-oldrel-windows-x86_64 | 1.0.0 | 22.00 | 346.00 | 368.00 | OK |
Version: 1.0.0
Check: CRAN incoming feasibility
Result: NOTE
Maintainer: ‘Michael Lingzhi Li <mili@hbs.edu>’
The Description field contains
<arXiv:1905.05389>.
Please refer to arXiv e-prints via their arXiv DOI <doi:10.48550/arXiv.YYMM.NNNNN>.
Flavors: r-devel-linux-x86_64-debian-clang, r-devel-linux-x86_64-debian-gcc
Version: 1.0.0
Check: dependencies in R code
Result: NOTE
Namespaces in Imports field not imported from:
‘forcats’ ‘rqPen’ ‘utils’
All declared Imports should be used.
Flavors: r-devel-linux-x86_64-fedora-clang, r-devel-linux-x86_64-fedora-gcc