CRAN Package Check Results for Package erify

Last updated on 2025-07-05 10:49:22 CEST.

Flavor Version Tinstall Tcheck Ttotal Status Flags
r-devel-linux-x86_64-debian-clang 0.6.0 2.20 27.96 30.16 NOTE
r-devel-linux-x86_64-debian-gcc 0.6.0 1.74 22.87 24.61 NOTE
r-devel-linux-x86_64-fedora-clang 0.6.0 45.78 OK
r-devel-linux-x86_64-fedora-gcc 0.6.0 57.60 OK
r-devel-windows-x86_64 0.6.0 4.00 49.00 53.00 OK
r-patched-linux-x86_64 0.6.0 2.65 25.20 27.85 OK
r-release-linux-x86_64 0.6.0 2.12 25.21 27.33 OK
r-release-macos-arm64 0.6.0 59.00 OK
r-release-macos-x86_64 0.6.0 43.00 OK
r-release-windows-x86_64 0.6.0 3.00 50.00 53.00 OK
r-oldrel-macos-arm64 0.6.0 50.00 OK
r-oldrel-macos-x86_64 0.6.0 88.00 OK
r-oldrel-windows-x86_64 0.6.0 4.00 56.00 60.00 OK

Check Details

Version: 0.6.0
Check: CRAN incoming feasibility
Result: NOTE Maintainer: ‘Renfei Mao <renfeimao@gmail.com>’ No Authors@R field in DESCRIPTION. Please add one, modifying Authors@R: person(given = "Renfei", family = "Mao", role = c("aut", "cre"), email = "renfeimao@gmail.com") as necessary. Flavors: r-devel-linux-x86_64-debian-clang, r-devel-linux-x86_64-debian-gcc