Last updated on 2025-07-04 14:49:27 CEST.
Flavor | Version | Tinstall | Tcheck | Ttotal | Status | Flags |
---|---|---|---|---|---|---|
r-devel-linux-x86_64-debian-clang | 1.3-3 | 15.43 | 124.98 | 140.41 | NOTE | |
r-devel-linux-x86_64-debian-gcc | 1.3-3 | 9.19 | 85.20 | 94.39 | NOTE | |
r-devel-linux-x86_64-fedora-clang | 1.3-3 | 222.85 | OK | |||
r-devel-linux-x86_64-fedora-gcc | 1.3-3 | 228.16 | OK | |||
r-devel-windows-x86_64 | 1.3-3 | 15.00 | 131.00 | 146.00 | OK | |
r-patched-linux-x86_64 | 1.3-3 | 14.96 | 117.03 | 131.99 | OK | |
r-release-linux-x86_64 | 1.3-3 | 13.27 | 116.55 | 129.82 | OK | |
r-release-macos-arm64 | 1.3-3 | 82.00 | OK | |||
r-release-macos-x86_64 | 1.3-3 | 123.00 | OK | |||
r-release-windows-x86_64 | 1.3-3 | 16.00 | 129.00 | 145.00 | OK | |
r-oldrel-macos-arm64 | 1.3-3 | 54.00 | OK | |||
r-oldrel-macos-x86_64 | 1.3-3 | 90.00 | OK | |||
r-oldrel-windows-x86_64 | 1.3-3 | 19.00 | 159.00 | 178.00 | OK |
Version: 1.3-3
Check: CRAN incoming feasibility
Result: NOTE
Maintainer: ‘James Honaker <zelig.zee@gmail.com>’
No Authors@R field in DESCRIPTION.
Please add one, modifying
Authors@R: c(person(given = "Gary",
family = "King",
role = "aut",
email = "king@harvard.edu"),
person(given = "Molly",
family = "Roberts",
role = "aut",
email = "molly.e.roberts@gmail.com"),
person(given = "James",
family = "Honaker",
role = "cre",
email = "zelig.zee@gmail.com"))
as necessary.
Flavors: r-devel-linux-x86_64-debian-clang, r-devel-linux-x86_64-debian-gcc