Last updated on 2025-07-05 13:48:23 CEST.
Flavor | Version | Tinstall | Tcheck | Ttotal | Status | Flags |
---|---|---|---|---|---|---|
r-devel-linux-x86_64-debian-clang | 1.0.0 | 60.29 | 499.85 | 560.14 | NOTE | |
r-devel-linux-x86_64-debian-gcc | 1.0.0 | 42.55 | 326.02 | 368.57 | NOTE | |
r-devel-linux-x86_64-fedora-clang | 1.0.0 | 872.80 | OK | |||
r-devel-linux-x86_64-fedora-gcc | 1.0.0 | 841.33 | OK | |||
r-devel-windows-x86_64 | 1.0.0 | 60.00 | 385.00 | 445.00 | NOTE | |
r-patched-linux-x86_64 | 1.0.0 | 55.96 | 472.92 | 528.88 | NOTE | |
r-release-linux-x86_64 | 1.0.0 | 53.85 | 456.88 | 510.73 | NOTE | |
r-release-macos-arm64 | 1.0.0 | 205.00 | OK | |||
r-release-macos-x86_64 | 1.0.0 | 406.00 | OK | |||
r-release-windows-x86_64 | 1.0.0 | 58.00 | 383.00 | 441.00 | NOTE | |
r-oldrel-macos-arm64 | 1.0.0 | 128.00 | OK | |||
r-oldrel-macos-x86_64 | 1.0.0 | 282.00 | OK | |||
r-oldrel-windows-x86_64 | 1.0.0 | 82.00 | 529.00 | 611.00 | OK |
Version: 1.0.0
Check: Rd cross-references
Result: NOTE
Found the following Rd file(s) with Rd \link{} targets missing package
anchors:
eval_posterior_eDITH.Rd: aggregate_river
posterior_pred_sim_eDITH.Rd: aggregate_river, DHARMa
run_eDITH_BT.Rd: aggregate_river, river_to_AEM, runMCMC,
createBayesianSetup, dtrunc, MAP, getCredibleIntervals,
gelmanDiagnostics
run_eDITH_BT_joint.Rd: aggregate_river, river_to_AEM, runMCMC,
createBayesianSetup, dtrunc, MAP, getCredibleIntervals,
gelmanDiagnostics
run_eDITH_optim.Rd: aggregate_river, river_to_AEM
run_eDITH_optim_joint.Rd: aggregate_river, river_to_AEM
run_eDITH_single.Rd: aggregate_river
sampling_strategy_direct.Rd: aggregate_river
sampling_strategy_eDNA.Rd: paths_river
wigger.Rd: extract_river
Please provide package anchors for all Rd \link{} targets not in the
package itself and the base packages.
Flavors: r-devel-linux-x86_64-debian-clang, r-devel-linux-x86_64-debian-gcc, r-devel-windows-x86_64, r-patched-linux-x86_64, r-release-linux-x86_64, r-release-windows-x86_64