Last updated on 2025-07-04 18:49:20 CEST.
Flavor | Version | Tinstall | Tcheck | Ttotal | Status | Flags |
---|---|---|---|---|---|---|
r-devel-linux-x86_64-debian-clang | 1.5.6 | 44.78 | 280.50 | 325.28 | OK | |
r-devel-linux-x86_64-debian-gcc | 1.5.6 | 33.66 | 195.48 | 229.14 | OK | |
r-devel-linux-x86_64-fedora-clang | 1.5.6 | 509.59 | OK | |||
r-devel-linux-x86_64-fedora-gcc | 1.5.6 | 489.29 | OK | |||
r-devel-windows-x86_64 | 1.5.6 | 43.00 | 269.00 | 312.00 | OK | |
r-patched-linux-x86_64 | 1.5.6 | 49.54 | 266.74 | 316.28 | OK | |
r-release-linux-x86_64 | 1.5.6 | 43.29 | 266.14 | 309.43 | OK | |
r-release-macos-arm64 | 1.5.6 | 103.00 | OK | |||
r-release-macos-x86_64 | 1.5.6 | 216.00 | OK | |||
r-release-windows-x86_64 | 1.5.6 | 55.00 | 279.00 | 334.00 | OK | |
r-oldrel-macos-arm64 | 1.5.6 | 123.00 | NOTE | |||
r-oldrel-macos-x86_64 | 1.5.6 | 268.00 | NOTE | |||
r-oldrel-windows-x86_64 | 1.5.6 | 63.00 | 358.00 | 421.00 | NOTE |
Version: 1.5.6
Check: package dependencies
Result: NOTE
Package suggested but not available for checking: ‘cmdstanr’
Flavors: r-oldrel-macos-arm64, r-oldrel-macos-x86_64, r-oldrel-windows-x86_64
Version: 1.5.6
Check: installed package size
Result: NOTE
installed size is 13.0Mb
sub-directories of 1Mb or more:
R 3.6Mb
data 8.0Mb
Flavors: r-oldrel-macos-arm64, r-oldrel-macos-x86_64, r-oldrel-windows-x86_64