CRAN Package Check Results for Package dragulaR

Last updated on 2025-10-10 09:50:28 CEST.

Flavor Version Tinstall Tcheck Ttotal Status Flags
r-devel-linux-x86_64-debian-clang 0.3.1 3.34 32.07 35.41 OK
r-devel-linux-x86_64-debian-gcc 0.3.1 2.22 24.80 27.02 OK
r-devel-linux-x86_64-fedora-clang 0.3.1 54.67 OK
r-devel-linux-x86_64-fedora-gcc 0.3.1 53.49 OK
r-devel-windows-x86_64 0.3.1 7.00 51.00 58.00 OK
r-patched-linux-x86_64 0.3.1 3.13 30.77 33.90 OK
r-release-linux-x86_64 0.3.1 3.29 30.69 33.98 OK
r-release-macos-arm64 0.3.1 23.00 OK
r-release-macos-x86_64 0.3.1 34.00 OK
r-release-windows-x86_64 0.3.1 6.00 52.00 58.00 OK
r-oldrel-macos-arm64 0.3.1 21.00 NOTE
r-oldrel-macos-x86_64 0.3.1 29.00 NOTE
r-oldrel-windows-x86_64 0.3.1 8.00 58.00 66.00 NOTE

Check Details

Version: 0.3.1
Check: LazyData
Result: NOTE 'LazyData' is specified without a 'data' directory Flavors: r-oldrel-macos-arm64, r-oldrel-macos-x86_64, r-oldrel-windows-x86_64