Last updated on 2025-07-04 22:49:23 CEST.
Flavor | Version | Tinstall | Tcheck | Ttotal | Status | Flags |
---|---|---|---|---|---|---|
r-devel-linux-x86_64-debian-clang | 4.7.0 | 25.47 | 159.26 | 184.73 | OK | |
r-devel-linux-x86_64-debian-gcc | 4.7.0 | 18.23 | 115.77 | 134.00 | OK | |
r-devel-linux-x86_64-fedora-clang | 4.7.0 | 292.99 | OK | |||
r-devel-linux-x86_64-fedora-gcc | 4.7.0 | 291.42 | OK | |||
r-devel-windows-x86_64 | 4.7.0 | 27.00 | 191.00 | 218.00 | OK | |
r-patched-linux-x86_64 | 4.7.0 | 21.89 | 151.14 | 173.03 | OK | |
r-release-linux-x86_64 | 4.6.27 | 24.46 | 149.08 | 173.54 | OK | |
r-release-macos-arm64 | 4.6.27 | 93.00 | OK | |||
r-release-macos-x86_64 | 4.7.0 | 170.00 | OK | |||
r-release-windows-x86_64 | 4.7.0 | 26.00 | 189.00 | 215.00 | OK | |
r-oldrel-macos-arm64 | 4.6.27 | 91.00 | NOTE | |||
r-oldrel-macos-x86_64 | 4.7.0 | 173.00 | NOTE | |||
r-oldrel-windows-x86_64 | 4.7.0 | 34.00 | 225.00 | 259.00 | NOTE |
Version: 4.6.27
Check: installed package size
Result: NOTE
installed size is 5.8Mb
sub-directories of 1Mb or more:
data 4.7Mb
Flavor: r-oldrel-macos-arm64
Version: 4.7.0
Check: installed package size
Result: NOTE
installed size is 5.9Mb
sub-directories of 1Mb or more:
data 4.7Mb
Flavors: r-oldrel-macos-x86_64, r-oldrel-windows-x86_64