Last updated on 2025-07-04 22:49:23 CEST.
Flavor | Version | Tinstall | Tcheck | Ttotal | Status | Flags |
---|---|---|---|---|---|---|
r-devel-linux-x86_64-debian-clang | 0.3.1 | 8.88 | 61.17 | 70.05 | OK | |
r-devel-linux-x86_64-debian-gcc | 0.3.1 | 6.49 | 43.05 | 49.54 | OK | |
r-devel-linux-x86_64-fedora-clang | 0.3.1 | 107.49 | NOTE | |||
r-devel-linux-x86_64-fedora-gcc | 0.3.1 | 98.50 | NOTE | |||
r-devel-windows-x86_64 | 0.3.1 | 12.00 | 74.00 | 86.00 | OK | |
r-patched-linux-x86_64 | 0.3.1 | 9.19 | 55.70 | 64.89 | OK | |
r-release-linux-x86_64 | 0.3.1 | 8.17 | 55.38 | 63.55 | OK | |
r-release-macos-arm64 | 0.3.1 | 34.00 | OK | |||
r-release-macos-x86_64 | 0.3.1 | 56.00 | OK | |||
r-release-windows-x86_64 | 0.3.1 | 12.00 | 73.00 | 85.00 | OK | |
r-oldrel-macos-arm64 | 0.3.1 | 29.00 | OK | |||
r-oldrel-macos-x86_64 | 0.3.1 | 45.00 | OK | |||
r-oldrel-windows-x86_64 | 0.3.1 | 13.00 | 91.00 | 104.00 | OK |
Version: 0.3.1
Check: dependencies in R code
Result: NOTE
Namespaces in Imports field not imported from:
‘gridExtra’ ‘plotly’ ‘pryr’ ‘rpart’
All declared Imports should be used.
Flavors: r-devel-linux-x86_64-fedora-clang, r-devel-linux-x86_64-fedora-gcc