Last updated on 2025-07-04 22:49:23 CEST.
Flavor | Version | Tinstall | Tcheck | Ttotal | Status | Flags |
---|---|---|---|---|---|---|
r-devel-linux-x86_64-debian-clang | 1.1.1 | 66.14 | 85.55 | 151.69 | OK | |
r-devel-linux-x86_64-debian-gcc | 1.1.1 | 46.44 | 58.91 | 105.35 | OK | |
r-devel-linux-x86_64-fedora-clang | 1.1.1 | 258.19 | OK | |||
r-devel-linux-x86_64-fedora-gcc | 1.1.1 | 260.56 | OK | |||
r-devel-windows-x86_64 | 1.1.1 | 76.00 | 132.00 | 208.00 | OK | |
r-patched-linux-x86_64 | 1.1.1 | 69.05 | 77.45 | 146.50 | OK | |
r-release-linux-x86_64 | 1.1.1 | 66.10 | 77.59 | 143.69 | OK | |
r-release-macos-arm64 | 1.1.1 | 70.00 | OK | |||
r-release-macos-x86_64 | 1.1.1 | 110.00 | OK | |||
r-release-windows-x86_64 | 1.1.1 | 76.00 | 129.00 | 205.00 | OK | |
r-oldrel-macos-arm64 | 1.1.1 | 64.00 | NOTE | |||
r-oldrel-macos-x86_64 | 1.1.1 | 111.00 | NOTE | |||
r-oldrel-windows-x86_64 | 1.1.1 | 91.00 | 158.00 | 249.00 | OK |
Version: 1.1.1
Check: installed package size
Result: NOTE
installed size is 6.1Mb
sub-directories of 1Mb or more:
libs 5.3Mb
Flavors: r-oldrel-macos-arm64, r-oldrel-macos-x86_64