CRAN Package Check Results for Package deming

Last updated on 2025-10-11 18:48:34 CEST.

Flavor Version Tinstall Tcheck Ttotal Status Flags
r-devel-linux-x86_64-debian-clang 1.4-1 2.64 32.26 34.90 NOTE
r-devel-linux-x86_64-debian-gcc 1.4-1 1.83 25.84 27.67 NOTE
r-devel-linux-x86_64-fedora-clang 1.4-1 54.36 OK
r-devel-linux-x86_64-fedora-gcc 1.4-1 63.39 OK
r-devel-windows-x86_64 1.4-1 4.00 57.00 61.00 OK
r-patched-linux-x86_64 1.4-1 2.42 30.61 33.03 OK
r-release-linux-x86_64 1.4-1 2.62 30.99 33.61 OK
r-release-macos-arm64 1.4-1 27.00 OK
r-release-macos-x86_64 1.4-1 53.00 OK
r-release-windows-x86_64 1.4-1 3.00 59.00 62.00 OK
r-oldrel-macos-arm64 1.4-1 29.00 OK
r-oldrel-macos-x86_64 1.4-1 79.00 OK
r-oldrel-windows-x86_64 1.4-1 4.00 64.00 68.00 OK

Check Details

Version: 1.4-1
Check: CRAN incoming feasibility
Result: NOTE Maintainer: ‘Terry Therneau <therneau.terry@mayo.edu>’ No Authors@R field in DESCRIPTION. Please add one, modifying Authors@R: person(given = "Terry", family = "Therneau", role = c("aut", "cre"), email = "therneau.terry@mayo.edu") as necessary. Flavors: r-devel-linux-x86_64-debian-clang, r-devel-linux-x86_64-debian-gcc