Last updated on 2025-10-11 08:49:49 CEST.
Flavor | Version | Tinstall | Tcheck | Ttotal | Status | Flags |
---|---|---|---|---|---|---|
r-devel-linux-x86_64-debian-clang | 3.1.1 | 52.51 | 334.26 | 386.77 | WARN | |
r-devel-linux-x86_64-debian-gcc | 3.1.1 | 32.06 | 211.50 | 243.56 | WARN | |
r-devel-linux-x86_64-fedora-clang | 3.1.1 | 672.32 | NOTE | |||
r-devel-linux-x86_64-fedora-gcc | 3.1.1 | 602.77 | NOTE | |||
r-devel-windows-x86_64 | 3.1.1 | 57.00 | 345.00 | 402.00 | NOTE | |
r-patched-linux-x86_64 | 3.1.1 | 49.17 | 315.44 | 364.61 | NOTE | |
r-release-linux-x86_64 | 3.1.1 | 47.51 | 313.38 | 360.89 | NOTE | |
r-release-macos-arm64 | 3.1.1 | 145.00 | NOTE | |||
r-release-macos-x86_64 | 3.1.1 | 269.00 | NOTE | |||
r-release-windows-x86_64 | 3.1.1 | 59.00 | 347.00 | 406.00 | NOTE | |
r-oldrel-macos-arm64 | 3.1.1 | 134.00 | NOTE | |||
r-oldrel-macos-x86_64 | 3.1.1 | 263.00 | NOTE | |||
r-oldrel-windows-x86_64 | 3.1.1 | 73.00 | 436.00 | 509.00 | NOTE |
Version: 3.1.1
Check: whether package can be installed
Result: WARN
Found the following significant warnings:
/home/hornik/tmp/R.check/r-devel-clang/Work/build/Packages/RcppArmadillo/include/RcppArmadillo/version/arma.h:66:17: warning: Using fallback compilation with Armadillo 14.6.3. Please consider defining -DARMA_USE_CURRENT and also removing C++11 compilation directive. See GitHub issue #475 for more. [-W#pragma-messages]
See ‘/home/hornik/tmp/R.check/r-devel-clang/Work/PKGS/deforestable.Rcheck/00install.out’ for details.
* used C++ compiler: ‘Debian clang version 19.1.7 (7)’
Flavor: r-devel-linux-x86_64-debian-clang
Version: 3.1.1
Check: C++ specification
Result: NOTE
Specified C++11: please drop specification unless essential
Flavors: r-devel-linux-x86_64-debian-clang, r-devel-linux-x86_64-debian-gcc, r-devel-linux-x86_64-fedora-clang, r-devel-linux-x86_64-fedora-gcc, r-devel-windows-x86_64, r-patched-linux-x86_64, r-release-linux-x86_64, r-release-macos-arm64, r-release-macos-x86_64, r-release-windows-x86_64, r-oldrel-macos-arm64, r-oldrel-macos-x86_64, r-oldrel-windows-x86_64
Version: 3.1.1
Check: whether package can be installed
Result: WARN
Found the following significant warnings:
/home/hornik/tmp/R.check/r-devel-gcc/Work/build/Packages/RcppArmadillo/include/RcppArmadillo/version/arma.h:66:199: note: ‘#pragma message: Using fallback compilation with Armadillo 14.6.3. Please consider defining -DARMA_USE_CURRENT and also removing C++11 compilation directive. See GitHub issue #475 for more.’
See ‘/home/hornik/tmp/R.check/r-devel-gcc/Work/PKGS/deforestable.Rcheck/00install.out’ for details.
* used C++ compiler: ‘g++-15 (Debian 15.2.0-4) 15.2.0’
Flavor: r-devel-linux-x86_64-debian-gcc