Last updated on 2025-07-04 22:49:22 CEST.
Flavor | Version | Tinstall | Tcheck | Ttotal | Status | Flags |
---|---|---|---|---|---|---|
r-devel-linux-x86_64-debian-clang | 0.2.1 | 20.85 | 278.45 | 299.30 | NOTE | |
r-devel-linux-x86_64-debian-gcc | 0.2.1 | 13.56 | 179.87 | 193.43 | NOTE | |
r-devel-linux-x86_64-fedora-clang | 0.2.1 | 453.98 | OK | |||
r-devel-linux-x86_64-fedora-gcc | 0.2.1 | 483.57 | OK | |||
r-devel-windows-x86_64 | 0.2.1 | 21.00 | 285.00 | 306.00 | OK | |
r-patched-linux-x86_64 | 0.2.1 | 20.73 | 257.26 | 277.99 | OK | |
r-release-linux-x86_64 | 0.2.1 | 19.46 | 256.20 | 275.66 | OK | |
r-release-macos-arm64 | 0.2.1 | 119.00 | OK | |||
r-release-macos-x86_64 | 0.2.1 | 249.00 | OK | |||
r-release-windows-x86_64 | 0.2.1 | 22.00 | 275.00 | 297.00 | OK | |
r-oldrel-macos-arm64 | 0.2.1 | 118.00 | NOTE | |||
r-oldrel-macos-x86_64 | 0.2.1 | 180.00 | NOTE | |||
r-oldrel-windows-x86_64 | 0.2.1 | 30.00 | 373.00 | 403.00 | NOTE |
Version: 0.2.1
Check: CRAN incoming feasibility
Result: NOTE
Maintainer: ‘Mengbing Li <mengbing@umich.edu>’
The Description field contains
<arXiv:2306.04700>.
Please refer to arXiv e-prints via their arXiv DOI <doi:10.48550/arXiv.YYMM.NNNNN>.
Flavors: r-devel-linux-x86_64-debian-clang, r-devel-linux-x86_64-debian-gcc
Version: 0.2.1
Check: installed package size
Result: NOTE
installed size is 5.1Mb
sub-directories of 1Mb or more:
data 3.9Mb
Flavors: r-oldrel-macos-arm64, r-oldrel-macos-x86_64, r-oldrel-windows-x86_64