Last updated on 2025-07-17 03:51:03 CEST.
Flavor | Version | Tinstall | Tcheck | Ttotal | Status | Flags |
---|---|---|---|---|---|---|
r-devel-linux-x86_64-debian-clang | 1.2.2 | 101.65 | 102.74 | 204.39 | OK | |
r-devel-linux-x86_64-debian-gcc | 1.2.2 | 78.34 | 75.94 | 154.28 | OK | |
r-devel-linux-x86_64-fedora-clang | 1.2.2 | 390.51 | OK | |||
r-devel-linux-x86_64-fedora-gcc | 1.2.2 | 383.00 | OK | |||
r-devel-windows-x86_64 | 1.2.2 | 124.00 | 158.00 | 282.00 | OK | |
r-patched-linux-x86_64 | 1.2.2 | 100.75 | 97.72 | 198.47 | OK | |
r-release-linux-x86_64 | 1.2.2 | 102.76 | 97.24 | 200.00 | OK | |
r-release-macos-arm64 | 1.2.2 | 97.00 | OK | |||
r-release-macos-x86_64 | 1.2.2 | 146.00 | OK | |||
r-release-windows-x86_64 | 1.2.2 | 123.00 | 156.00 | 279.00 | OK | |
r-oldrel-macos-arm64 | 1.2.2 | 97.00 | NOTE | |||
r-oldrel-macos-x86_64 | 1.2.2 | 163.00 | NOTE | |||
r-oldrel-windows-x86_64 | 1.2.2 | 135.00 | 186.00 | 321.00 | NOTE |
Version: 1.2.2
Check: installed package size
Result: NOTE
installed size is 11.0Mb
sub-directories of 1Mb or more:
doc 3.0Mb
libs 7.3Mb
Flavors: r-oldrel-macos-arm64, r-oldrel-macos-x86_64, r-oldrel-windows-x86_64