Last updated on 2025-10-10 20:49:48 CEST.
Flavor | Version | Tinstall | Tcheck | Ttotal | Status | Flags |
---|---|---|---|---|---|---|
r-devel-linux-x86_64-debian-clang | 1.0.8 | 49.11 | 122.59 | 171.70 | OK | |
r-devel-linux-x86_64-debian-gcc | 1.0.8 | 42.29 | 93.79 | 136.08 | OK | |
r-devel-linux-x86_64-fedora-clang | 1.0.8 | 273.31 | OK | |||
r-devel-linux-x86_64-fedora-gcc | 1.0.8 | 274.82 | OK | |||
r-devel-windows-x86_64 | 1.0.8 | 53.00 | 116.00 | 169.00 | OK | |
r-patched-linux-x86_64 | 1.0.8 | 48.08 | 114.54 | 162.62 | OK | |
r-release-linux-x86_64 | 1.0.8 | 47.29 | 114.06 | 161.35 | OK | |
r-release-macos-arm64 | 1.0.8 | 91.00 | OK | |||
r-release-macos-x86_64 | 1.0.8 | 138.00 | OK | |||
r-release-windows-x86_64 | 1.0.8 | 53.00 | 120.00 | 173.00 | OK | |
r-oldrel-macos-arm64 | 1.0.8 | 85.00 | NOTE | |||
r-oldrel-macos-x86_64 | 1.0.8 | 173.00 | NOTE | |||
r-oldrel-windows-x86_64 | 1.0.8 | 66.00 | 151.00 | 217.00 | NOTE |
Version: 1.0.8
Check: installed package size
Result: NOTE
installed size is 5.9Mb
sub-directories of 1Mb or more:
data 4.5Mb
Flavors: r-oldrel-macos-arm64, r-oldrel-macos-x86_64, r-oldrel-windows-x86_64