CRAN Package Check Results for Package dagirlite

Last updated on 2025-07-04 15:48:29 CEST.

Flavor Version Tinstall Tcheck Ttotal Status Flags
r-devel-linux-x86_64-debian-clang 0.1.0 1.79 25.55 27.34 OK
r-devel-linux-x86_64-debian-gcc 0.1.0 1.43 21.52 22.95 OK
r-devel-linux-x86_64-fedora-clang 0.1.0 39.49 NOTE
r-devel-linux-x86_64-fedora-gcc 0.1.0 38.69 NOTE
r-devel-windows-x86_64 0.1.0 3.00 46.00 49.00 OK
r-patched-linux-x86_64 0.1.0 1.93 24.09 26.02 OK
r-release-linux-x86_64 0.1.0 1.73 24.28 26.01 OK
r-release-macos-arm64 0.1.0 20.00 OK
r-release-macos-x86_64 0.1.0 28.00 OK
r-release-windows-x86_64 0.1.0 3.00 47.00 50.00 OK
r-oldrel-macos-arm64 0.1.0 18.00 OK
r-oldrel-macos-x86_64 0.1.0 24.00 OK
r-oldrel-windows-x86_64 0.1.0 5.00 58.00 63.00 OK

Check Details

Version: 0.1.0
Check: dependencies in R code
Result: NOTE Namespace in Imports field not imported from: ‘knitr’ All declared Imports should be used. Flavors: r-devel-linux-x86_64-fedora-clang, r-devel-linux-x86_64-fedora-gcc