CRAN Package Check Results for Package dadjokeapi

Last updated on 2025-10-10 00:50:48 CEST.

Flavor Version Tinstall Tcheck Ttotal Status Flags
r-devel-linux-x86_64-debian-clang 1.0.2 3.90 35.52 39.42 OK
r-devel-linux-x86_64-debian-gcc 1.0.2 2.41 27.11 29.52 OK
r-devel-linux-x86_64-fedora-clang 1.0.2 58.18 OK
r-devel-linux-x86_64-fedora-gcc 1.0.2 53.36 OK
r-devel-windows-x86_64 1.0.2 6.00 52.00 58.00 OK
r-patched-linux-x86_64 1.0.2 3.13 32.67 35.80 OK
r-release-linux-x86_64 1.0.2 3.56 32.39 35.95 OK
r-release-macos-arm64 1.0.2 24.00 OK
r-release-macos-x86_64 1.0.2 34.00 OK
r-release-windows-x86_64 1.0.2 7.00 53.00 60.00 OK
r-oldrel-macos-arm64 1.0.2 29.00 NOTE
r-oldrel-macos-x86_64 1.0.2 35.00 NOTE
r-oldrel-windows-x86_64 1.0.2 6.00 59.00 65.00 NOTE

Check Details

Version: 1.0.2
Check: LazyData
Result: NOTE 'LazyData' is specified without a 'data' directory Flavors: r-oldrel-macos-arm64, r-oldrel-macos-x86_64, r-oldrel-windows-x86_64