Last updated on 2025-07-13 00:48:23 CEST.
Flavor | Version | Tinstall | Tcheck | Ttotal | Status | Flags |
---|---|---|---|---|---|---|
r-devel-linux-x86_64-debian-clang | 0.0.26 | 12.57 | 102.02 | 114.59 | NOTE | |
r-devel-linux-x86_64-debian-gcc | 0.0.26 | 8.01 | 72.31 | 80.32 | NOTE | |
r-devel-linux-x86_64-fedora-clang | 0.0.26 | 165.61 | OK | |||
r-devel-linux-x86_64-fedora-gcc | 0.0.26 | 155.11 | OK | |||
r-devel-windows-x86_64 | 0.0.26 | 14.00 | 131.00 | 145.00 | OK | |
r-patched-linux-x86_64 | 0.0.26 | 13.63 | 94.88 | 108.51 | OK | |
r-release-linux-x86_64 | 0.0.26 | 11.40 | 94.69 | 106.09 | OK | |
r-release-macos-arm64 | 0.0.26 | 54.00 | OK | |||
r-release-macos-x86_64 | 0.0.26 | 89.00 | OK | |||
r-release-windows-x86_64 | 0.0.26 | 15.00 | 131.00 | 146.00 | OK | |
r-oldrel-macos-arm64 | 0.0.26 | 43.00 | OK | |||
r-oldrel-macos-x86_64 | 0.0.26 | 68.00 | OK | |||
r-oldrel-windows-x86_64 | 0.0.26 | 19.00 | 149.00 | 168.00 | OK |
Version: 0.0.26
Check: CRAN incoming feasibility
Result: NOTE
Maintainer: ‘Tinniam V Ganesh <tvganesh.85@gmail.com>’
No Authors@R field in DESCRIPTION.
Please add one, modifying
Authors@R: person(given = c("Tinniam", "V"),
family = "Ganesh",
role = c("aut", "cre"),
email = "tvganesh.85@gmail.com")
as necessary.
Flavors: r-devel-linux-x86_64-debian-clang, r-devel-linux-x86_64-debian-gcc