CRAN Package Check Results for Package conos

Last updated on 2025-07-04 22:49:22 CEST.

Flavor Version Tinstall Tcheck Ttotal Status Flags
r-devel-linux-x86_64-debian-clang 1.5.2 161.48 244.69 406.17 OK
r-devel-linux-x86_64-debian-gcc 1.5.2 107.65 151.35 259.00 OK
r-devel-windows-x86_64 1.5.2 171.00 216.00 387.00 OK
r-patched-linux-x86_64 1.5.2 147.10 201.49 348.59 OK
r-release-linux-x86_64 1.5.2 142.93 196.71 339.64 OK
r-release-macos-arm64 1.5.2 149.00 OK
r-release-macos-x86_64 1.5.2 221.00 OK
r-release-windows-x86_64 1.5.2 171.00 219.00 390.00 OK
r-oldrel-macos-arm64 1.5.2 150.00 NOTE
r-oldrel-macos-x86_64 1.5.2 175.00 NOTE
r-oldrel-windows-x86_64 1.5.2 210.00 279.00 489.00 NOTE

Check Details

Version: 1.5.2
Check: package dependencies
Result: NOTE Packages suggested but not available for checking: 'conosPanel', 'org.Mm.eg.db', 'p2data' Flavor: r-oldrel-macos-arm64

Version: 1.5.2
Check: installed package size
Result: NOTE installed size is 11.2Mb sub-directories of 1Mb or more: libs 9.4Mb Flavors: r-oldrel-macos-arm64, r-oldrel-macos-x86_64

Version: 1.5.2
Check: package dependencies
Result: NOTE Packages suggested but not available for checking: 'conosPanel', 'p2data' Flavors: r-oldrel-macos-x86_64, r-oldrel-windows-x86_64