Last updated on 2025-07-04 07:49:24 CEST.
Flavor | Version | Tinstall | Tcheck | Ttotal | Status | Flags |
---|---|---|---|---|---|---|
r-devel-linux-x86_64-debian-clang | 1.8-0 | 2.95 | 196.23 | 199.18 | OK | |
r-devel-linux-x86_64-debian-gcc | 1.8-0 | 2.31 | 135.91 | 138.22 | OK | |
r-devel-linux-x86_64-fedora-clang | 1.8-0 | 301.22 | OK | |||
r-devel-linux-x86_64-fedora-gcc | 1.8-0 | 307.75 | OK | |||
r-devel-windows-x86_64 | 1.8-0 | 6.00 | 318.00 | 324.00 | OK | |
r-patched-linux-x86_64 | 1.8-0 | 6.06 | 185.86 | 191.92 | OK | |
r-release-linux-x86_64 | 1.8-0 | 2.62 | 184.32 | 186.94 | OK | |
r-release-macos-arm64 | 1.8-0 | 173.00 | OK | |||
r-release-macos-x86_64 | 1.8-0 | 225.00 | OK | |||
r-release-windows-x86_64 | 1.8-0 | 9.00 | 315.00 | 324.00 | OK | |
r-oldrel-macos-arm64 | 1.8-0 | 147.00 | NOTE | |||
r-oldrel-macos-x86_64 | 1.8-0 | 217.00 | NOTE | |||
r-oldrel-windows-x86_64 | 1.8-0 | 6.00 | 343.00 | 349.00 | NOTE |
Version: 1.8-0
Check: installed package size
Result: NOTE
installed size is 5.2Mb
sub-directories of 1Mb or more:
doc 1.9Mb
extdata 2.4Mb
Flavors: r-oldrel-macos-arm64, r-oldrel-macos-x86_64, r-oldrel-windows-x86_64