Last updated on 2025-10-10 22:50:27 CEST.
Flavor | Version | Tinstall | Tcheck | Ttotal | Status | Flags |
---|---|---|---|---|---|---|
r-devel-linux-x86_64-debian-clang | 0.19-4.1 | 5.03 | 37.94 | 42.97 | NOTE | |
r-devel-linux-x86_64-debian-gcc | 0.19-4.1 | 4.20 | 27.32 | 31.52 | NOTE | |
r-devel-linux-x86_64-fedora-clang | 0.19-4.1 | 45.17 | OK | |||
r-devel-linux-x86_64-fedora-gcc | 0.19-4.1 | 60.80 | OK | |||
r-devel-windows-x86_64 | 0.19-4.1 | 7.00 | 57.00 | 64.00 | OK | |
r-patched-linux-x86_64 | 0.19-4.1 | 6.94 | 35.39 | 42.33 | OK | |
r-release-linux-x86_64 | 0.19-4.1 | 4.55 | 35.36 | 39.91 | OK | |
r-release-macos-arm64 | 0.19-4.1 | 24.00 | OK | |||
r-release-macos-x86_64 | 0.19-4.1 | 47.00 | OK | |||
r-release-windows-x86_64 | 0.19-4.1 | 8.00 | 59.00 | 67.00 | OK | |
r-oldrel-macos-arm64 | 0.19-4.1 | 25.00 | OK | |||
r-oldrel-macos-x86_64 | 0.19-4.1 | 31.00 | OK | |||
r-oldrel-windows-x86_64 | 0.19-4.1 | 12.00 | 67.00 | 79.00 | OK |
Version: 0.19-4.1
Check: CRAN incoming feasibility
Result: NOTE
Maintainer: ‘Martyn Plummer <martyn.plummer@gmail.com>’
Package CITATION file contains call(s) to old-style personList() or
as.personList(). Please use c() on person objects instead.
Package CITATION file contains call(s) to old-style citEntry(). Please
use bibentry() instead.
Flavors: r-devel-linux-x86_64-debian-clang, r-devel-linux-x86_64-debian-gcc