Last updated on 2025-10-09 23:51:10 CEST.
Flavor | Version | Tinstall | Tcheck | Ttotal | Status | Flags |
---|---|---|---|---|---|---|
r-devel-linux-x86_64-debian-clang | 4.6.1 | 23.06 | 310.24 | 333.30 | NOTE | |
r-devel-linux-x86_64-debian-gcc | 4.6.1 | 16.33 | 213.88 | 230.21 | NOTE | |
r-devel-linux-x86_64-fedora-clang | 4.6.1 | 370.64 | NOTE | |||
r-devel-linux-x86_64-fedora-gcc | 4.6.1 | 493.49 | NOTE | |||
r-devel-windows-x86_64 | 4.6.1 | 26.00 | 284.00 | 310.00 | OK | |
r-patched-linux-x86_64 | 4.6.1 | 25.18 | 292.01 | 317.19 | NOTE | |
r-release-linux-x86_64 | 4.6.1 | 23.35 | 294.27 | 317.62 | NOTE | |
r-release-macos-arm64 | 4.6.1 | 208.00 | OK | |||
r-release-macos-x86_64 | 4.6.1 | 270.00 | OK | |||
r-release-windows-x86_64 | 4.6.1 | 25.00 | 275.00 | 300.00 | OK | |
r-oldrel-macos-arm64 | 4.6.1 | 146.00 | OK | |||
r-oldrel-macos-x86_64 | 4.6.1 | 292.00 | OK | |||
r-oldrel-windows-x86_64 | 4.6.1 | 37.00 | 351.00 | 388.00 | OK |
Version: 4.6.1
Check: Rd cross-references
Result: NOTE
Unknown package ‘designmatch’ in Rd xrefs
Flavors: r-devel-linux-x86_64-debian-clang, r-devel-linux-x86_64-debian-gcc, r-devel-linux-x86_64-fedora-clang, r-devel-linux-x86_64-fedora-gcc, r-patched-linux-x86_64, r-release-linux-x86_64