CRAN Package Check Results for Package cbl

Last updated on 2025-07-04 11:50:22 CEST.

Flavor Version Tinstall Tcheck Ttotal Status Flags
r-devel-linux-x86_64-debian-clang 0.1.3 7.63 74.72 82.35 NOTE
r-devel-linux-x86_64-debian-gcc 0.1.3 4.88 53.58 58.46 NOTE
r-devel-linux-x86_64-fedora-clang 0.1.3 122.74 OK
r-devel-linux-x86_64-fedora-gcc 0.1.3 114.10 OK
r-devel-windows-x86_64 0.1.3 8.00 78.00 86.00 OK
r-patched-linux-x86_64 0.1.3 6.84 68.95 75.79 OK
r-release-linux-x86_64 0.1.3 6.45 69.50 75.95 OK
r-release-macos-arm64 0.1.3 39.00 OK
r-release-macos-x86_64 0.1.3 77.00 OK
r-release-windows-x86_64 0.1.3 8.00 78.00 86.00 OK
r-oldrel-macos-arm64 0.1.3 37.00 OK
r-oldrel-macos-x86_64 0.1.3 64.00 OK
r-oldrel-windows-x86_64 0.1.3 12.00 101.00 113.00 OK

Check Details

Version: 0.1.3
Check: CRAN incoming feasibility
Result: NOTE Maintainer: ‘David Watson <david.s.watson11@gmail.com>’ The Description field contains details, see Watson & Silva (2022) <arXiv:2205.05715>. Please refer to arXiv e-prints via their arXiv DOI <doi:10.48550/arXiv.YYMM.NNNNN>. Flavors: r-devel-linux-x86_64-debian-clang, r-devel-linux-x86_64-debian-gcc