Last updated on 2025-07-04 18:49:17 CEST.
Flavor | Version | Tinstall | Tcheck | Ttotal | Status | Flags |
---|---|---|---|---|---|---|
r-devel-linux-x86_64-debian-clang | 1.0.0 | 6.25 | 95.47 | 101.72 | NOTE | |
r-devel-linux-x86_64-debian-gcc | 1.0.0 | 4.68 | 64.27 | 68.95 | NOTE | |
r-devel-linux-x86_64-fedora-clang | 1.0.0 | 156.89 | NOTE | |||
r-devel-linux-x86_64-fedora-gcc | 1.0.0 | 164.95 | NOTE | |||
r-devel-windows-x86_64 | 1.0.0 | 8.00 | 104.00 | 112.00 | NOTE | |
r-patched-linux-x86_64 | 1.0.0 | 7.14 | 88.21 | 95.35 | NOTE | |
r-release-linux-x86_64 | 1.0.0 | 5.92 | 88.44 | 94.36 | NOTE | |
r-release-macos-arm64 | 1.0.0 | 68.00 | NOTE | |||
r-release-macos-x86_64 | 1.0.0 | 124.00 | NOTE | |||
r-release-windows-x86_64 | 1.0.0 | 10.00 | 103.00 | 113.00 | NOTE | |
r-oldrel-macos-arm64 | 1.0.0 | 53.00 | OK | |||
r-oldrel-macos-x86_64 | 1.0.0 | 89.00 | OK | |||
r-oldrel-windows-x86_64 | 1.0.0 | 11.00 | 133.00 | 144.00 | OK |
Version: 1.0.0
Check: DESCRIPTION meta-information
Result: NOTE
Missing dependency on R >= 4.1.0 because package code uses the pipe
|> or function shorthand \(...) syntax added in R 4.1.0.
File(s) using such syntax:
‘causal-model.R’ ‘check-linearity.R’ ‘deprecated.R’
‘translation-modules.R’ ‘utils.R’
Flavors: r-devel-linux-x86_64-debian-clang, r-devel-linux-x86_64-debian-gcc, r-devel-linux-x86_64-fedora-clang, r-devel-linux-x86_64-fedora-gcc, r-devel-windows-x86_64, r-patched-linux-x86_64, r-release-linux-x86_64, r-release-macos-arm64, r-release-macos-x86_64, r-release-windows-x86_64