CRAN Package Check Results for Package cats

Last updated on 2025-10-10 13:49:21 CEST.

Flavor Version Tinstall Tcheck Ttotal Status Flags
r-devel-linux-x86_64-debian-clang 1.0.2 3.59 38.42 42.01 OK
r-devel-linux-x86_64-debian-gcc 1.0.2 2.43 27.95 30.38 OK
r-devel-linux-x86_64-fedora-clang 1.0.2 65.40 NOTE
r-devel-linux-x86_64-fedora-gcc 1.0.2 59.17 NOTE
r-devel-windows-x86_64 1.0.2 5.00 52.00 57.00 OK
r-patched-linux-x86_64 1.0.2 3.38 35.77 39.15 OK
r-release-linux-x86_64 1.0.2 3.17 35.25 38.42 OK
r-release-macos-arm64 1.0.2 21.00 OK
r-release-macos-x86_64 1.0.2 40.00 OK
r-release-windows-x86_64 1.0.2 7.00 52.00 59.00 OK
r-oldrel-macos-arm64 1.0.2 21.00 OK
r-oldrel-macos-x86_64 1.0.2 41.00 OK
r-oldrel-windows-x86_64 1.0.2 6.00 61.00 67.00 OK

Check Details

Version: 1.0.2
Check: dependencies in R code
Result: NOTE Namespaces in Imports field not imported from: ‘epitools’ ‘forcats’ ‘purrr’ All declared Imports should be used. Flavors: r-devel-linux-x86_64-fedora-clang, r-devel-linux-x86_64-fedora-gcc