CRAN Package Check Results for Package catcont

Last updated on 2025-07-05 16:48:23 CEST.

Flavor Version Tinstall Tcheck Ttotal Status Flags
r-devel-linux-x86_64-debian-clang 0.5.0 3.60 35.67 39.27 OK
r-devel-linux-x86_64-debian-gcc 0.5.0 2.37 26.39 28.76 OK
r-devel-linux-x86_64-fedora-clang 0.5.0 59.72 OK
r-devel-linux-x86_64-fedora-gcc 0.5.0 53.78 OK
r-devel-windows-x86_64 0.5.0 5.00 52.00 57.00 OK
r-patched-linux-x86_64 0.5.0 2.89 32.76 35.65 OK
r-release-linux-x86_64 0.5.0 3.72 32.26 35.98 OK
r-release-macos-arm64 0.5.0 25.00 OK
r-release-macos-x86_64 0.5.0 36.00 OK
r-release-windows-x86_64 0.5.0 6.00 51.00 57.00 OK
r-oldrel-macos-arm64 0.5.0 22.00 NOTE
r-oldrel-macos-x86_64 0.5.0 32.00 NOTE
r-oldrel-windows-x86_64 0.5.0 7.00 65.00 72.00 NOTE

Check Details

Version: 0.5.0
Check: LazyData
Result: NOTE 'LazyData' is specified without a 'data' directory Flavors: r-oldrel-macos-arm64, r-oldrel-macos-x86_64, r-oldrel-windows-x86_64