Last updated on 2025-07-04 07:49:23 CEST.
Flavor | Version | Tinstall | Tcheck | Ttotal | Status | Flags |
---|---|---|---|---|---|---|
r-devel-linux-x86_64-debian-clang | 2.0 | 119.95 | 48.60 | 168.55 | OK | |
r-devel-linux-x86_64-debian-gcc | 2.0 | 86.28 | 37.58 | 123.86 | OK | |
r-devel-linux-x86_64-fedora-clang | 2.0 | 319.67 | OK | |||
r-devel-linux-x86_64-fedora-gcc | 2.0 | 290.72 | OK | |||
r-devel-windows-x86_64 | 2.0 | 128.00 | 104.00 | 232.00 | OK | |
r-patched-linux-x86_64 | 2.0 | 123.32 | 45.20 | 168.52 | OK | |
r-release-linux-x86_64 | 2.0 | 117.11 | 45.47 | 162.58 | OK | |
r-release-macos-arm64 | 2.0 | 89.00 | OK | |||
r-release-macos-x86_64 | 2.0 | 104.00 | OK | |||
r-release-windows-x86_64 | 2.0 | 134.00 | 104.00 | 238.00 | OK | |
r-oldrel-macos-arm64 | 2.0 | 74.00 | NOTE | |||
r-oldrel-macos-x86_64 | 2.0 | 138.00 | NOTE | |||
r-oldrel-windows-x86_64 | 2.0 | 160.00 | 120.00 | 280.00 | OK |
Version: 2.0
Check: installed package size
Result: NOTE
installed size is 9.1Mb
sub-directories of 1Mb or more:
libs 8.0Mb
Flavors: r-oldrel-macos-arm64, r-oldrel-macos-x86_64