CRAN Package Check Results for Package bpca

Last updated on 2025-07-05 22:50:20 CEST.

Flavor Version Tinstall Tcheck Ttotal Status Flags
r-devel-linux-x86_64-debian-clang 1.3-6 3.66 44.73 48.39 NOTE
r-devel-linux-x86_64-debian-gcc 1.3-6 3.25 35.88 39.13 NOTE
r-devel-linux-x86_64-fedora-clang 1.3-6 76.16 OK
r-devel-linux-x86_64-fedora-gcc 1.3-6 85.55 OK
r-devel-windows-x86_64 1.3-6 7.00 82.00 89.00 NOTE
r-patched-linux-x86_64 1.3-6 4.71 42.43 47.14 NOTE
r-release-linux-x86_64 1.3-6 4.33 42.25 46.58 NOTE
r-release-macos-arm64 1.3-6 38.00 OK
r-release-macos-x86_64 1.3-6 58.00 OK
r-release-windows-x86_64 1.3-6 7.00 83.00 90.00 NOTE
r-oldrel-macos-arm64 1.3-6 31.00 OK
r-oldrel-macos-x86_64 1.3-6 48.00 OK
r-oldrel-windows-x86_64 1.3-6 9.00 87.00 96.00 OK

Check Details

Version: 1.3-6
Check: Rd cross-references
Result: NOTE Found the following Rd file(s) with Rd \link{} targets missing package anchors: print.xtable.Rd: xtable Please provide package anchors for all Rd \link{} targets not in the package itself and the base packages. Flavors: r-devel-linux-x86_64-debian-clang, r-devel-linux-x86_64-debian-gcc, r-devel-windows-x86_64, r-patched-linux-x86_64, r-release-linux-x86_64, r-release-windows-x86_64