Last updated on 2025-07-05 22:50:19 CEST.
Flavor | Version | Tinstall | Tcheck | Ttotal | Status | Flags |
---|---|---|---|---|---|---|
r-devel-linux-x86_64-debian-clang | 1.6.1 | 144.73 | 213.40 | 358.13 | OK | |
r-devel-linux-x86_64-debian-gcc | 1.6.1 | 102.87 | 146.22 | 249.09 | OK | |
r-devel-linux-x86_64-fedora-clang | 1.6.1 | 606.95 | OK | |||
r-devel-linux-x86_64-fedora-gcc | 1.6.1 | 626.68 | OK | |||
r-devel-windows-x86_64 | 1.6.1 | 212.00 | 238.00 | 450.00 | OK | |
r-patched-linux-x86_64 | 1.6.1 | 150.24 | 199.39 | 349.63 | OK | |
r-release-linux-x86_64 | 1.6.1 | 149.14 | 203.65 | 352.79 | OK | |
r-release-macos-arm64 | 1.6.1 | 170.00 | OK | |||
r-release-macos-x86_64 | 1.6.1 | 299.00 | OK | |||
r-release-windows-x86_64 | 1.6.1 | 214.00 | 242.00 | 456.00 | OK | |
r-oldrel-macos-arm64 | 1.6.1 | 149.00 | NOTE | |||
r-oldrel-macos-x86_64 | 1.6.1 | 267.00 | NOTE | |||
r-oldrel-windows-x86_64 | 1.6.1 | 250.00 | 335.00 | 585.00 | OK |
Version: 1.6.1
Check: installed package size
Result: NOTE
installed size is 13.6Mb
sub-directories of 1Mb or more:
extdata 2.3Mb
libs 10.5Mb
Flavors: r-oldrel-macos-arm64, r-oldrel-macos-x86_64