Last updated on 2025-07-05 19:50:29 CEST.
Flavor | Version | Tinstall | Tcheck | Ttotal | Status | Flags |
---|---|---|---|---|---|---|
r-devel-linux-x86_64-debian-clang | 1.2.2 | 86.57 | 40.88 | 127.45 | OK | |
r-devel-linux-x86_64-debian-gcc | 1.2.2 | 65.29 | 32.12 | 97.41 | OK | |
r-devel-linux-x86_64-fedora-gcc | 1.2.2 | 230.69 | OK | |||
r-devel-windows-x86_64 | 1.2.2 | 577.00 | 237.00 | 814.00 | OK | |
r-patched-linux-x86_64 | 1.2.2 | 87.33 | 37.65 | 124.98 | OK | |
r-release-linux-x86_64 | 1.2.2 | 90.99 | 37.47 | 128.46 | OK | |
r-release-macos-arm64 | 1.2.2 | 77.00 | OK | |||
r-release-macos-x86_64 | 1.2.2 | 95.00 | OK | |||
r-release-windows-x86_64 | 1.2.2 | 573.00 | 264.00 | 837.00 | OK | |
r-oldrel-macos-arm64 | 1.2.2 | 74.00 | NOTE | |||
r-oldrel-macos-x86_64 | 1.2.2 | 87.00 | NOTE | |||
r-oldrel-windows-x86_64 | 1.2.2 | 566.00 | 309.00 | 875.00 | NOTE |
Version: 1.2.2
Check: installed package size
Result: NOTE
installed size is 28.2Mb
sub-directories of 1Mb or more:
libs 28.1Mb
Flavors: r-oldrel-macos-arm64, r-oldrel-macos-x86_64, r-oldrel-windows-x86_64