Last updated on 2025-07-05 16:48:23 CEST.
Flavor | Version | Tinstall | Tcheck | Ttotal | Status | Flags |
---|---|---|---|---|---|---|
r-devel-linux-x86_64-debian-clang | 1.0.7 | 302.52 | 85.36 | 387.88 | NOTE | |
r-devel-linux-x86_64-debian-gcc | 1.0.7 | 274.48 | 106.50 | 380.98 | NOTE | |
r-devel-linux-x86_64-fedora-clang | 1.0.7 | 633.42 | NOTE | |||
r-devel-linux-x86_64-fedora-gcc | 1.0.7 | 824.63 | NOTE | |||
r-devel-windows-x86_64 | 1.0.7 | 324.00 | 166.00 | 490.00 | NOTE | |
r-patched-linux-x86_64 | 1.0.7 | 377.36 | 139.68 | 517.04 | NOTE | |
r-release-linux-x86_64 | 1.0.7 | 371.79 | 139.61 | 511.40 | NOTE | |
r-release-macos-arm64 | 1.0.7 | 163.00 | NOTE | |||
r-release-macos-x86_64 | 1.0.7 | 194.00 | NOTE | |||
r-release-windows-x86_64 | 1.0.7 | 341.00 | 164.00 | 505.00 | NOTE | |
r-oldrel-macos-arm64 | 1.0.7 | 158.00 | NOTE | |||
r-oldrel-macos-x86_64 | 1.0.7 | 151.00 | NOTE | |||
r-oldrel-windows-x86_64 | 1.0.7 | 404.00 | 186.00 | 590.00 | NOTE |
Version: 1.0.7
Check: C++ specification
Result: NOTE
Specified C++11: please drop specification unless essential
Flavors: r-devel-linux-x86_64-debian-clang, r-devel-linux-x86_64-debian-gcc, r-devel-linux-x86_64-fedora-clang, r-devel-linux-x86_64-fedora-gcc, r-devel-windows-x86_64, r-patched-linux-x86_64, r-release-linux-x86_64, r-release-macos-arm64, r-release-macos-x86_64, r-release-windows-x86_64, r-oldrel-macos-arm64, r-oldrel-macos-x86_64, r-oldrel-windows-x86_64
Version: 1.0.7
Check: Rd files
Result: NOTE
checkRd: (-1) gen.data.Rd:42: Lost braces
42 | code{cortype = 2} denotes the constant structure, where the \eqn{(i,j)} entry of covariance
| ^
Flavors: r-devel-linux-x86_64-debian-clang, r-devel-linux-x86_64-debian-gcc, r-devel-linux-x86_64-fedora-clang, r-devel-linux-x86_64-fedora-gcc, r-devel-windows-x86_64, r-patched-linux-x86_64, r-release-linux-x86_64, r-release-macos-arm64, r-release-macos-x86_64, r-release-windows-x86_64, r-oldrel-macos-arm64, r-oldrel-macos-x86_64, r-oldrel-windows-x86_64
Version: 1.0.7
Check: installed package size
Result: NOTE
installed size is 63.9Mb
sub-directories of 1Mb or more:
data 2.7Mb
libs 60.7Mb
Flavors: r-oldrel-macos-arm64, r-oldrel-macos-x86_64