Last updated on 2025-07-10 01:50:38 CEST.
Flavor | Version | Tinstall | Tcheck | Ttotal | Status | Flags |
---|---|---|---|---|---|---|
r-devel-linux-x86_64-debian-clang | 0.0.1.5 | 2181.99 | 200.88 | 2382.87 | OK | |
r-devel-linux-x86_64-debian-gcc | 0.0.1.5 | 1760.40 | 295.25 | 2055.65 | OK | |
r-devel-linux-x86_64-fedora-clang | 0.0.1.5 | 3512.09 | OK | |||
r-devel-linux-x86_64-fedora-gcc | 0.0.1.5 | 4997.79 | OK | |||
r-devel-windows-x86_64 | 0.0.1.5 | 2203.00 | 415.00 | 2618.00 | OK | |
r-patched-linux-x86_64 | 0.0.1.5 | 2393.86 | 403.12 | 2796.98 | OK | |
r-release-linux-x86_64 | 0.0.1.5 | 2332.55 | 408.16 | 2740.71 | OK | |
r-release-macos-arm64 | 0.0.1.5 | 1379.00 | OK | |||
r-release-macos-x86_64 | 0.0.1.5 | 862.00 | OK | |||
r-release-windows-x86_64 | 0.0.1.5 | 2251.00 | 422.00 | 2673.00 | OK | |
r-oldrel-macos-arm64 | 0.0.1.5 | 779.00 | NOTE | |||
r-oldrel-macos-x86_64 | 0.0.1.5 | 587.00 | NOTE | |||
r-oldrel-windows-x86_64 | 0.0.1.5 | 2568.00 | 496.00 | 3064.00 | NOTE |
Version: 0.0.1.5
Check: installed package size
Result: NOTE
installed size is 244.0Mb
sub-directories of 1Mb or more:
libs 243.2Mb
Flavors: r-oldrel-macos-arm64, r-oldrel-macos-x86_64, r-oldrel-windows-x86_64
Version: 0.0.1.5
Check: for GNU extensions in Makefiles
Result: NOTE
GNU make is a SystemRequirements.
Flavors: r-oldrel-macos-arm64, r-oldrel-macos-x86_64, r-oldrel-windows-x86_64