Last updated on 2025-07-04 22:49:20 CEST.
Flavor | Version | Tinstall | Tcheck | Ttotal | Status | Flags |
---|---|---|---|---|---|---|
r-devel-linux-x86_64-debian-clang | 0.5.0 | 60.66 | 458.66 | 519.32 | OK | |
r-devel-linux-x86_64-debian-gcc | 0.5.0 | 40.63 | 276.28 | 316.91 | OK | |
r-devel-linux-x86_64-fedora-clang | 0.5.0 | 783.79 | NOTE | |||
r-devel-linux-x86_64-fedora-gcc | 0.5.0 | 799.10 | NOTE | |||
r-devel-windows-x86_64 | 0.5.0 | 60.00 | 447.00 | 507.00 | OK | |
r-patched-linux-x86_64 | 0.5.0 | 58.26 | 414.33 | 472.59 | OK | |
r-release-linux-x86_64 | 0.5.0 | 58.19 | 413.60 | 471.79 | OK | |
r-release-macos-arm64 | 0.5.0 | 236.00 | OK | |||
r-release-macos-x86_64 | 0.5.0 | 769.00 | OK | |||
r-release-windows-x86_64 | 0.5.0 | 63.00 | 439.00 | 502.00 | OK | |
r-oldrel-macos-arm64 | 0.5.0 | 244.00 | OK | |||
r-oldrel-macos-x86_64 | 0.5.0 | 711.00 | OK | |||
r-oldrel-windows-x86_64 | 0.5.0 | 86.00 | 622.00 | 708.00 | OK |
Version: 0.5.0
Check: dependencies in R code
Result: NOTE
Namespaces in Imports field not imported from:
‘crosstalk’ ‘plotly’
All declared Imports should be used.
Flavors: r-devel-linux-x86_64-fedora-clang, r-devel-linux-x86_64-fedora-gcc