CRAN Package Check Results for Package baf

Last updated on 2025-10-10 09:50:24 CEST.

Flavor Version Tinstall Tcheck Ttotal Status Flags
r-devel-linux-x86_64-debian-clang 0.0.3 4.39 41.06 45.45 ERROR
r-devel-linux-x86_64-debian-gcc 0.0.3 2.71 29.59 32.30 ERROR
r-devel-linux-x86_64-fedora-clang 0.0.3 61.52 ERROR
r-devel-linux-x86_64-fedora-gcc 0.0.3 62.00 ERROR
r-devel-windows-x86_64 0.0.3 7.00 55.00 62.00 ERROR
r-patched-linux-x86_64 0.0.3 3.80 36.40 40.20 ERROR
r-release-linux-x86_64 0.0.3 3.83 34.26 38.09 ERROR
r-release-macos-arm64 0.0.3 34.00 OK
r-release-macos-x86_64 0.0.3 78.00 OK
r-release-windows-x86_64 0.0.3 7.00 59.00 66.00 ERROR
r-oldrel-macos-arm64 0.0.3 40.00 OK
r-oldrel-macos-x86_64 0.0.3 56.00 OK
r-oldrel-windows-x86_64 0.0.3 7.00 62.00 69.00 ERROR

Check Details

Version: 0.0.3
Check: tests
Result: ERROR Running ‘testthat.R’ [4s/6s] Running the tests in ‘tests/testthat.R’ failed. Complete output: > # This file is part of the standard setup for testthat. > # It is recommended that you do not modify it. > # > # Where should you do additional test configuration? > # Learn more about the roles of various files in: > # * https://r-pkgs.org/testing-design.html#sec-tests-files-overview > # * https://testthat.r-lib.org/articles/special-files.html > > library(testthat) > library(baf) > > test_check('baf') [100%] Downloaded 8453 bytes... [0%] Downloaded 16401 bytes... [1%] Downloaded 35754 bytes... [1%] Downloaded 52652 bytes... [2%] Downloaded 61564 bytes... [2%] Downloaded 65536 bytes... [2%] Downloaded 82425 bytes... [3%] Downloaded 90112 bytes... [3%] Downloaded 107001 bytes... [4%] Downloaded 127100 bytes... [5%] Downloaded 143998 bytes... [5%] Downloaded 155648 bytes... [6%] Downloaded 172537 bytes... [6%] Downloaded 188416 bytes... [7%] Downloaded 204782 bytes... [7%] Downloaded 221148 bytes... [7%] Downloaded 221184 bytes... [8%] Downloaded 237550 bytes... [8%] Downloaded 253916 bytes... [9%] Downloaded 270318 bytes... [9%] Downloaded 286684 bytes... [10%] Downloaded 303086 bytes... [11%] Downloaded 319452 bytes... [11%] Downloaded 335854 bytes... [12%] Downloaded 352220 bytes... [12%] Downloaded 368622 bytes... [13%] Downloaded 384988 bytes... [13%] Downloaded 401390 bytes... [14%] Downloaded 417756 bytes... [15%] Downloaded 434158 bytes... [15%] Downloaded 450524 bytes... [16%] Downloaded 466926 bytes... [16%] Downloaded 483292 bytes... [17%] Downloaded 499694 bytes... [17%] Downloaded 516060 bytes... [18%] Downloaded 532462 bytes... [19%] Downloaded 548828 bytes... [19%] Downloaded 565230 bytes... [20%] Downloaded 581596 bytes... [20%] Downloaded 597998 bytes... [21%] Downloaded 614364 bytes... [21%] Downloaded 630730 bytes... [22%] Downloaded 647096 bytes... [23%] Downloaded 663534 bytes... [23%] Downloaded 679900 bytes... [24%] Downloaded 696302 bytes... [24%] Downloaded 712668 bytes... [25%] Downloaded 729070 bytes... [25%] Downloaded 745436 bytes... [26%] Downloaded 761838 bytes... [27%] Downloaded 778204 bytes... [27%] Downloaded 794606 bytes... [28%] Downloaded 810972 bytes... [28%] Downloaded 827338 bytes... [29%] Downloaded 843704 bytes... [29%] Downloaded 860142 bytes... [30%] Downloaded 876508 bytes... [31%] Downloaded 892910 bytes... [31%] Downloaded 909276 bytes... [32%] Downloaded 925678 bytes... [32%] Downloaded 942044 bytes... [33%] Downloaded 958446 bytes... [33%] Downloaded 974812 bytes... [34%] Downloaded 991214 bytes... [35%] Downloaded 1007580 bytes... [35%] Downloaded 1023946 bytes... [36%] Downloaded 1040303 bytes... [36%] Downloaded 1056750 bytes... [37%] Downloaded 1073116 bytes... [37%] Downloaded 1089518 bytes... [38%] Downloaded 1105884 bytes... [39%] Downloaded 1122286 bytes... [39%] Downloaded 1138652 bytes... [40%] Downloaded 1155054 bytes... [40%] Downloaded 1171420 bytes... [41%] Downloaded 1187822 bytes... [41%] Downloaded 1204188 bytes... [42%] Downloaded 1220554 bytes... [43%] Downloaded 1236920 bytes... [43%] Downloaded 1253358 bytes... [44%] Downloaded 1269724 bytes... [44%] Downloaded 1286126 bytes... [45%] Downloaded 1302492 bytes... [45%] Downloaded 1318894 bytes... [46%] Downloaded 1335260 bytes... [47%] Downloaded 1351662 bytes... [47%] Downloaded 1368028 bytes... [48%] Downloaded 1384430 bytes... [48%] Downloaded 1400796 bytes... [49%] Downloaded 1417162 bytes... [49%] Downloaded 1433528 bytes... [50%] Downloaded 1449966 bytes... [50%] Downloaded 1466332 bytes... [51%] Downloaded 1482734 bytes... [52%] Downloaded 1499100 bytes... [52%] Downloaded 1515502 bytes... [53%] Downloaded 1531868 bytes... [53%] Downloaded 1548270 bytes... [54%] Downloaded 1564636 bytes... [54%] Downloaded 1581038 bytes... [55%] Downloaded 1597404 bytes... [56%] Downloaded 1613770 bytes... [56%] Downloaded 1630136 bytes... [56%] Downloaded 1630208 bytes... [57%] Downloaded 1646574 bytes... [57%] Downloaded 1662940 bytes... [58%] Downloaded 1679342 bytes... [58%] Downloaded 1695708 bytes... [59%] Downloaded 1712110 bytes... [60%] Downloaded 1728476 bytes... [60%] Downloaded 1744878 bytes... [61%] Downloaded 1761244 bytes... [61%] Downloaded 1777646 bytes... [62%] Downloaded 1794012 bytes... [62%] Downloaded 1810414 bytes... [63%] Downloaded 1826780 bytes... [64%] Downloaded 1843182 bytes... [64%] Downloaded 1859548 bytes... [65%] Downloaded 1875950 bytes... [65%] Downloaded 1892316 bytes... [66%] Downloaded 1908718 bytes... [66%] Downloaded 1925084 bytes... [67%] Downloaded 1941486 bytes... [68%] Downloaded 1957852 bytes... [68%] Downloaded 1974254 bytes... [69%] Downloaded 1990620 bytes... [69%] Downloaded 2007022 bytes... [70%] Downloaded 2023388 bytes... [70%] Downloaded 2039754 bytes... [71%] Downloaded 2056120 bytes... [72%] Downloaded 2072558 bytes... [72%] Downloaded 2088924 bytes... [73%] Downloaded 2105326 bytes... [73%] Downloaded 2121692 bytes... [74%] Downloaded 2138094 bytes... [74%] Downloaded 2154460 bytes... [75%] Downloaded 2170862 bytes... [76%] Downloaded 2187228 bytes... [76%] Downloaded 2203630 bytes... [77%] Downloaded 2219996 bytes... [77%] Downloaded 2236362 bytes... [78%] Downloaded 2252728 bytes... [78%] Downloaded 2269166 bytes... [79%] Downloaded 2285532 bytes... [80%] Downloaded 2301934 bytes... [80%] Downloaded 2318300 bytes... [81%] Downloaded 2334702 bytes... [81%] Downloaded 2351068 bytes... [82%] Downloaded 2367470 bytes... [82%] Downloaded 2383836 bytes... [83%] Downloaded 2400238 bytes... [84%] Downloaded 2416604 bytes... [84%] Downloaded 2432970 bytes... [85%] Downloaded 2449327 bytes... [85%] Downloaded 2465774 bytes... [86%] Downloaded 2482140 bytes... [86%] Downloaded 2498542 bytes... [87%] Downloaded 2514908 bytes... [88%] Downloaded 2531310 bytes... [88%] Downloaded 2547676 bytes... [89%] Downloaded 2564078 bytes... [89%] Downloaded 2580444 bytes... [90%] Downloaded 2596846 bytes... [90%] Downloaded 2613212 bytes... [91%] Downloaded 2629578 bytes... [92%] Downloaded 2645944 bytes... [92%] Downloaded 2662382 bytes... [93%] Downloaded 2678748 bytes... [93%] Downloaded 2695150 bytes... [94%] Downloaded 2711516 bytes... [94%] Downloaded 2711552 bytes... [94%] Downloaded 2727918 bytes... [95%] Downloaded 2744284 bytes... [96%] Downloaded 2760686 bytes... [96%] Downloaded 2777052 bytes... [97%] Downloaded 2793454 bytes... [97%] Downloaded 2809820 bytes... [98%] Downloaded 2826186 bytes... [98%] Downloaded 2842552 bytes... [99%] Downloaded 2858990 bytes... [100%] Downloaded 2875289 bytes... [ FAIL 1 | WARN 1 | SKIP 0 | PASS 4 ] ══ Failed tests ════════════════════════════════════════════════════════════════ ── Failure ('test-baf.R:11:3'): baf works ────────────────────────────────────── `out` has length 0, not length 7. [ FAIL 1 | WARN 1 | SKIP 0 | PASS 4 ] Error: Test failures Execution halted Flavor: r-devel-linux-x86_64-debian-clang

Version: 0.0.3
Check: tests
Result: ERROR Running ‘testthat.R’ [3s/5s] Running the tests in ‘tests/testthat.R’ failed. Complete output: > # This file is part of the standard setup for testthat. > # It is recommended that you do not modify it. > # > # Where should you do additional test configuration? > # Learn more about the roles of various files in: > # * https://r-pkgs.org/testing-design.html#sec-tests-files-overview > # * https://testthat.r-lib.org/articles/special-files.html > > library(testthat) > library(baf) > > test_check('baf') [100%] Downloaded 8453 bytes... [0%] Downloaded 1360 bytes... [0%] Downloaded 6836 bytes... [0%] Downloaded 17770 bytes... [0%] Downloaded 23246 bytes... [1%] Downloaded 40241 bytes... [1%] Downloaded 44470 bytes... [1%] Downloaded 52919 bytes... [1%] Downloaded 56377 bytes... [2%] Downloaded 65536 bytes... [2%] Downloaded 82425 bytes... [3%] Downloaded 101433 bytes... [3%] Downloaded 105529 bytes... [4%] Downloaded 121913 bytes... [4%] Downloaded 138297 bytes... [5%] Downloaded 154681 bytes... [5%] Downloaded 171065 bytes... [6%] Downloaded 175161 bytes... [6%] Downloaded 187573 bytes... [6%] Downloaded 195641 bytes... [7%] Downloaded 212007 bytes... [7%] Downloaded 228373 bytes... [7%] Downloaded 228409 bytes... [8%] Downloaded 244775 bytes... [9%] Downloaded 261141 bytes... [9%] Downloaded 277543 bytes... [10%] Downloaded 293909 bytes... [10%] Downloaded 293945 bytes... [10%] Downloaded 310311 bytes... [11%] Downloaded 326677 bytes... [11%] Downloaded 326713 bytes... [11%] Downloaded 343079 bytes... [12%] Downloaded 359445 bytes... [13%] Downloaded 375847 bytes... [13%] Downloaded 392213 bytes... [13%] Downloaded 392249 bytes... [14%] Downloaded 408615 bytes... [14%] Downloaded 424981 bytes... [15%] Downloaded 441383 bytes... [15%] Downloaded 457749 bytes... [15%] Downloaded 457785 bytes... [16%] Downloaded 474151 bytes... [17%] Downloaded 490517 bytes... [17%] Downloaded 506919 bytes... [18%] Downloaded 523285 bytes... [18%] Downloaded 523321 bytes... [18%] Downloaded 539687 bytes... [19%] Downloaded 547897 bytes... [19%] Downloaded 564263 bytes... [20%] Downloaded 580629 bytes... [20%] Downloaded 597031 bytes... [21%] Downloaded 613397 bytes... [21%] Downloaded 613433 bytes... [21%] Downloaded 629799 bytes... [22%] Downloaded 646165 bytes... [23%] Downloaded 662567 bytes... [23%] Downloaded 678933 bytes... [23%] Downloaded 678969 bytes... [24%] Downloaded 695299 bytes... [24%] Downloaded 711665 bytes... [24%] Downloaded 711737 bytes... [25%] Downloaded 728103 bytes... [25%] Downloaded 744469 bytes... [25%] Downloaded 744505 bytes... [26%] Downloaded 760871 bytes... [27%] Downloaded 777237 bytes... [27%] Downloaded 777273 bytes... [27%] Downloaded 793639 bytes... [28%] Downloaded 810005 bytes... [28%] Downloaded 826407 bytes... [29%] Downloaded 842773 bytes... [29%] Downloaded 842809 bytes... [29%] Downloaded 859175 bytes... [30%] Downloaded 875541 bytes... [31%] Downloaded 900135 bytes... [31%] Downloaded 916501 bytes... [32%] Downloaded 924729 bytes... [32%] Downloaded 941095 bytes... [33%] Downloaded 965671 bytes... [34%] Downloaded 982037 bytes... [34%] Downloaded 982073 bytes... [34%] Downloaded 998439 bytes... [35%] Downloaded 1014805 bytes... [35%] Downloaded 1014841 bytes... [35%] Downloaded 1031207 bytes... [36%] Downloaded 1047573 bytes... [36%] Downloaded 1047609 bytes... [36%] Downloaded 1055801 bytes... [37%] Downloaded 1072167 bytes... [37%] Downloaded 1088533 bytes... [37%] Downloaded 1088569 bytes... [38%] Downloaded 1104935 bytes... [38%] Downloaded 1113145 bytes... [39%] Downloaded 1129511 bytes... [39%] Downloaded 1129529 bytes... [39%] Downloaded 1145895 bytes... [40%] Downloaded 1162261 bytes... [40%] Downloaded 1178663 bytes... [41%] Downloaded 1195029 bytes... [41%] Downloaded 1195065 bytes... [42%] Downloaded 1211431 bytes... [42%] Downloaded 1227797 bytes... [43%] Downloaded 1244199 bytes... [43%] Downloaded 1244217 bytes... [43%] Downloaded 1260583 bytes... [44%] Downloaded 1276949 bytes... [44%] Downloaded 1276985 bytes... [44%] Downloaded 1293351 bytes... [45%] Downloaded 1301561 bytes... [45%] Downloaded 1317927 bytes... [46%] Downloaded 1326137 bytes... [46%] Downloaded 1342503 bytes... [47%] Downloaded 1358869 bytes... [47%] Downloaded 1375271 bytes... [48%] Downloaded 1391637 bytes... [48%] Downloaded 1408039 bytes... [49%] Downloaded 1424405 bytes... [49%] Downloaded 1432633 bytes... [50%] Downloaded 1448999 bytes... [50%] Downloaded 1465365 bytes... [50%] Downloaded 1465401 bytes... [51%] Downloaded 1481731 bytes... [52%] Downloaded 1498097 bytes... [52%] Downloaded 1498169 bytes... [52%] Downloaded 1522727 bytes... [53%] Downloaded 1539093 bytes... [53%] Downloaded 1539129 bytes... [54%] Downloaded 1555495 bytes... [54%] Downloaded 1571861 bytes... [54%] Downloaded 1571897 bytes... [55%] Downloaded 1588263 bytes... [55%] Downloaded 1604629 bytes... [55%] Downloaded 1604665 bytes... [56%] Downloaded 1621031 bytes... [56%] Downloaded 1629241 bytes... [57%] Downloaded 1645607 bytes... [57%] Downloaded 1661973 bytes... [57%] Downloaded 1662009 bytes... [58%] Downloaded 1678375 bytes... [58%] Downloaded 1694741 bytes... [58%] Downloaded 1694777 bytes... [59%] Downloaded 1711143 bytes... [59%] Downloaded 1719353 bytes... [60%] Downloaded 1735719 bytes... [60%] Downloaded 1752085 bytes... [61%] Downloaded 1768487 bytes... [62%] Downloaded 1784853 bytes... [62%] Downloaded 1784889 bytes... [62%] Downloaded 1801255 bytes... [63%] Downloaded 1817621 bytes... [63%] Downloaded 1817657 bytes... [63%] Downloaded 1834023 bytes... [64%] Downloaded 1850389 bytes... [64%] Downloaded 1866791 bytes... [65%] Downloaded 1883157 bytes... [66%] Downloaded 1899559 bytes... [66%] Downloaded 1915925 bytes... [67%] Downloaded 1932291 bytes... [67%] Downloaded 1948657 bytes... [68%] Downloaded 1965095 bytes... [68%] Downloaded 1981461 bytes... [68%] Downloaded 1981497 bytes... [69%] Downloaded 1997863 bytes... [70%] Downloaded 2014229 bytes... [70%] Downloaded 2030631 bytes... [71%] Downloaded 2046997 bytes... [71%] Downloaded 2063399 bytes... [72%] Downloaded 2079765 bytes... [72%] Downloaded 2079801 bytes... [72%] Downloaded 2096167 bytes... [73%] Downloaded 2112533 bytes... [74%] Downloaded 2128899 bytes... [74%] Downloaded 2145265 bytes... [74%] Downloaded 2145337 bytes... [75%] Downloaded 2161703 bytes... [75%] Downloaded 2178069 bytes... [76%] Downloaded 2194471 bytes... [76%] Downloaded 2210837 bytes... [77%] Downloaded 2227239 bytes... [78%] Downloaded 2243605 bytes... [78%] Downloaded 2260007 bytes... [79%] Downloaded 2276373 bytes... [79%] Downloaded 2276409 bytes... [79%] Downloaded 2292775 bytes... [80%] Downloaded 2309141 bytes... [80%] Downloaded 2325507 bytes... [81%] Downloaded 2341873 bytes... [81%] Downloaded 2341945 bytes... [82%] Downloaded 2358311 bytes... [82%] Downloaded 2374677 bytes... [82%] Downloaded 2374713 bytes... [83%] Downloaded 2391079 bytes... [83%] Downloaded 2407445 bytes... [83%] Downloaded 2407481 bytes... [84%] Downloaded 2423847 bytes... [84%] Downloaded 2440213 bytes... [85%] Downloaded 2456615 bytes... [86%] Downloaded 2472981 bytes... [86%] Downloaded 2489383 bytes... [87%] Downloaded 2505749 bytes... [87%] Downloaded 2522115 bytes... [88%] Downloaded 2538481 bytes... [88%] Downloaded 2538553 bytes... [88%] Downloaded 2554919 bytes... [89%] Downloaded 2571285 bytes... [89%] Downloaded 2571321 bytes... [89%] Downloaded 2587687 bytes... [90%] Downloaded 2604053 bytes... [90%] Downloaded 2604089 bytes... [91%] Downloaded 2620455 bytes... [91%] Downloaded 2636821 bytes... [91%] Downloaded 2636857 bytes... [92%] Downloaded 2653223 bytes... [92%] Downloaded 2669589 bytes... [92%] Downloaded 2669625 bytes... [93%] Downloaded 2685991 bytes... [93%] Downloaded 2702357 bytes... [93%] Downloaded 2702393 bytes... [94%] Downloaded 2718759 bytes... [95%] Downloaded 2735125 bytes... [95%] Downloaded 2735161 bytes... [95%] Downloaded 2751527 bytes... [96%] Downloaded 2767893 bytes... [96%] Downloaded 2784259 bytes... [97%] Downloaded 2800625 bytes... [97%] Downloaded 2816991 bytes... [98%] Downloaded 2833357 bytes... [99%] Downloaded 2849723 bytes... [99%] Downloaded 2866089 bytes... [100%] Downloaded 2875289 bytes... [ FAIL 1 | WARN 1 | SKIP 0 | PASS 4 ] ══ Failed tests ════════════════════════════════════════════════════════════════ ── Failure ('test-baf.R:11:3'): baf works ────────────────────────────────────── `out` has length 0, not length 7. [ FAIL 1 | WARN 1 | SKIP 0 | PASS 4 ] Error: Test failures Execution halted Flavor: r-devel-linux-x86_64-debian-gcc

Version: 0.0.3
Check: tests
Result: ERROR Running ‘testthat.R’ Running the tests in ‘tests/testthat.R’ failed. Complete output: > # This file is part of the standard setup for testthat. > # It is recommended that you do not modify it. > # > # Where should you do additional test configuration? > # Learn more about the roles of various files in: > # * https://r-pkgs.org/testing-design.html#sec-tests-files-overview > # * https://testthat.r-lib.org/articles/special-files.html > > library(testthat) > library(baf) > > test_check('baf') [4%] Downloaded 16401 bytes... [9%] Downloaded 32772 bytes... [12%] Downloaded 46453 bytes... [18%] Downloaded 65536 bytes... [22%] Downloaded 82425 bytes... [28%] Downloaded 102781 bytes... [32%] Downloaded 119679 bytes... [38%] Downloaded 139769 bytes... [43%] Downloaded 159868 bytes... [48%] Downloaded 176766 bytes... [54%] Downloaded 196856 bytes... [57%] Downloaded 209534 bytes... [60%] Downloaded 221184 bytes... [65%] Downloaded 237550 bytes... [69%] Downloaded 253916 bytes... [72%] Downloaded 263879 bytes... [77%] Downloaded 280245 bytes... [81%] Downloaded 296611 bytes... [86%] Downloaded 313013 bytes... [90%] Downloaded 329379 bytes... [95%] Downloaded 345781 bytes... [99%] Downloaded 362147 bytes... [100%] Downloaded 363874 bytes... [100%] Downloaded 8453 bytes... [ FAIL 1 | WARN 1 | SKIP 0 | PASS 4 ] ══ Failed tests ════════════════════════════════════════════════════════════════ ── Failure ('test-clean.R:11:3'): clean_bafs works ───────────────────────────── "VTD" %in% names(out) is not TRUE `actual`: FALSE `expected`: TRUE [ FAIL 1 | WARN 1 | SKIP 0 | PASS 4 ] Error: Test failures Execution halted Flavor: r-devel-linux-x86_64-fedora-clang

Version: 0.0.3
Check: tests
Result: ERROR Running ‘testthat.R’ Running the tests in ‘tests/testthat.R’ failed. Complete output: > # This file is part of the standard setup for testthat. > # It is recommended that you do not modify it. > # > # Where should you do additional test configuration? > # Learn more about the roles of various files in: > # * https://r-pkgs.org/testing-design.html#sec-tests-files-overview > # * https://testthat.r-lib.org/articles/special-files.html > > library(testthat) > library(baf) > > test_check('baf') [100%] Downloaded 8453 bytes... [ FAIL 2 | WARN 2 | SKIP 0 | PASS 3 ] ══ Failed tests ════════════════════════════════════════════════════════════════ ── Failure ('test-baf.R:11:3'): baf works ────────────────────────────────────── `out` has length 0, not length 7. ── Failure ('test-clean.R:11:3'): clean_bafs works ───────────────────────────── "VTD" %in% names(out) is not TRUE `actual`: FALSE `expected`: TRUE [ FAIL 2 | WARN 2 | SKIP 0 | PASS 3 ] Error: Test failures Execution halted Flavor: r-devel-linux-x86_64-fedora-gcc

Version: 0.0.3
Check: tests
Result: ERROR Running 'testthat.R' [2s] Running the tests in 'tests/testthat.R' failed. Complete output: > # This file is part of the standard setup for testthat. > # It is recommended that you do not modify it. > # > # Where should you do additional test configuration? > # Learn more about the roles of various files in: > # * https://r-pkgs.org/testing-design.html#sec-tests-files-overview > # * https://testthat.r-lib.org/articles/special-files.html > > library(testthat) > library(baf) > > test_check('baf') [100%] Downloaded 8453 bytes... [16%] Downloaded 1360 bytes... [100%] Downloaded 8453 bytes... [ FAIL 2 | WARN 2 | SKIP 0 | PASS 3 ] ══ Failed tests ════════════════════════════════════════════════════════════════ ── Failure ('test-baf.R:11:3'): baf works ────────────────────────────────────── `out` has length 0, not length 7. ── Failure ('test-clean.R:11:3'): clean_bafs works ───────────────────────────── "VTD" %in% names(out) is not TRUE `actual`: FALSE `expected`: TRUE [ FAIL 2 | WARN 2 | SKIP 0 | PASS 3 ] Error: Test failures Execution halted Flavor: r-devel-windows-x86_64

Version: 0.0.3
Check: tests
Result: ERROR Running ‘testthat.R’ [4s/7s] Running the tests in ‘tests/testthat.R’ failed. Complete output: > # This file is part of the standard setup for testthat. > # It is recommended that you do not modify it. > # > # Where should you do additional test configuration? > # Learn more about the roles of various files in: > # * https://r-pkgs.org/testing-design.html#sec-tests-files-overview > # * https://testthat.r-lib.org/articles/special-files.html > > library(testthat) > library(baf) > > test_check('baf') [100%] Downloaded 8453 bytes... [0%] Downloaded 16401 bytes... [1%] Downloaded 35754 bytes... [1%] Downloaded 52652 bytes... [2%] Downloaded 65536 bytes... [2%] Downloaded 82425 bytes... [3%] Downloaded 102781 bytes... [3%] Downloaded 111230 bytes... [4%] Downloaded 131320 bytes... [4%] Downloaded 139769 bytes... [5%] Downloaded 152447 bytes... [6%] Downloaded 172537 bytes... [7%] Downloaded 204782 bytes... [7%] Downloaded 221148 bytes... [8%] Downloaded 237550 bytes... [8%] Downloaded 253916 bytes... [9%] Downloaded 270318 bytes... [9%] Downloaded 286684 bytes... [10%] Downloaded 303086 bytes... [11%] Downloaded 319452 bytes... [11%] Downloaded 335854 bytes... [12%] Downloaded 352220 bytes... [12%] Downloaded 368622 bytes... [13%] Downloaded 384988 bytes... [13%] Downloaded 401390 bytes... [14%] Downloaded 417756 bytes... [15%] Downloaded 434158 bytes... [15%] Downloaded 450524 bytes... [16%] Downloaded 466926 bytes... [17%] Downloaded 489582 bytes... [17%] Downloaded 505948 bytes... [18%] Downloaded 522350 bytes... [18%] Downloaded 538716 bytes... [19%] Downloaded 555082 bytes... [19%] Downloaded 571448 bytes... [20%] Downloaded 587886 bytes... [21%] Downloaded 604252 bytes... [21%] Downloaded 620654 bytes... [22%] Downloaded 637020 bytes... [22%] Downloaded 653422 bytes... [23%] Downloaded 669788 bytes... [23%] Downloaded 686190 bytes... [24%] Downloaded 708846 bytes... [25%] Downloaded 725212 bytes... [25%] Downloaded 741614 bytes... [26%] Downloaded 757980 bytes... [26%] Downloaded 774382 bytes... [27%] Downloaded 790748 bytes... [28%] Downloaded 807150 bytes... [28%] Downloaded 823516 bytes... [29%] Downloaded 839918 bytes... [29%] Downloaded 856284 bytes... [30%] Downloaded 872650 bytes... [30%] Downloaded 889016 bytes... [31%] Downloaded 905454 bytes... [32%] Downloaded 921820 bytes... [32%] Downloaded 938222 bytes... [33%] Downloaded 954588 bytes... [33%] Downloaded 970990 bytes... [34%] Downloaded 987356 bytes... [34%] Downloaded 1003758 bytes... [35%] Downloaded 1020124 bytes... [36%] Downloaded 1036526 bytes... [36%] Downloaded 1052892 bytes... [37%] Downloaded 1069294 bytes... [37%] Downloaded 1085660 bytes... [38%] Downloaded 1094464 bytes... [38%] Downloaded 1110830 bytes... [39%] Downloaded 1127196 bytes... [39%] Downloaded 1143598 bytes... [40%] Downloaded 1159964 bytes... [40%] Downloaded 1160000 bytes... [40%] Downloaded 1176366 bytes... [41%] Downloaded 1192732 bytes... [41%] Downloaded 1192768 bytes... [42%] Downloaded 1209134 bytes... [42%] Downloaded 1225500 bytes... [42%] Downloaded 1225536 bytes... [43%] Downloaded 1241902 bytes... [43%] Downloaded 1258268 bytes... [43%] Downloaded 1258304 bytes... [44%] Downloaded 1274670 bytes... [44%] Downloaded 1291036 bytes... [44%] Downloaded 1291072 bytes... [45%] Downloaded 1307438 bytes... [45%] Downloaded 1313728 bytes... [46%] Downloaded 1330094 bytes... [46%] Downloaded 1346460 bytes... [46%] Downloaded 1346496 bytes... [47%] Downloaded 1362862 bytes... [47%] Downloaded 1379228 bytes... [47%] Downloaded 1379264 bytes... [48%] Downloaded 1395630 bytes... [49%] Downloaded 1411996 bytes... [49%] Downloaded 1428398 bytes... [50%] Downloaded 1444764 bytes... [50%] Downloaded 1444800 bytes... [50%] Downloaded 1461166 bytes... [51%] Downloaded 1477532 bytes... [51%] Downloaded 1477568 bytes... [51%] Downloaded 1493934 bytes... [52%] Downloaded 1510300 bytes... [52%] Downloaded 1510336 bytes... [53%] Downloaded 1526702 bytes... [53%] Downloaded 1543068 bytes... [53%] Downloaded 1543104 bytes... [54%] Downloaded 1559470 bytes... [54%] Downloaded 1575836 bytes... [54%] Downloaded 1575872 bytes... [55%] Downloaded 1592238 bytes... [55%] Downloaded 1608604 bytes... [55%] Downloaded 1608640 bytes... [56%] Downloaded 1625006 bytes... [57%] Downloaded 1641372 bytes... [57%] Downloaded 1641408 bytes... [57%] Downloaded 1657774 bytes... [58%] Downloaded 1674140 bytes... [58%] Downloaded 1674176 bytes... [58%] Downloaded 1690542 bytes... [59%] Downloaded 1706908 bytes... [59%] Downloaded 1706944 bytes... [59%] Downloaded 1723310 bytes... [60%] Downloaded 1739676 bytes... [60%] Downloaded 1739712 bytes... [61%] Downloaded 1756078 bytes... [61%] Downloaded 1772444 bytes... [62%] Downloaded 1788846 bytes... [62%] Downloaded 1805212 bytes... [63%] Downloaded 1821614 bytes... [63%] Downloaded 1837980 bytes... [64%] Downloaded 1854346 bytes... [65%] Downloaded 1870712 bytes... [65%] Downloaded 1887150 bytes... [66%] Downloaded 1903516 bytes... [66%] Downloaded 1903552 bytes... [66%] Downloaded 1919918 bytes... [67%] Downloaded 1936284 bytes... [67%] Downloaded 1936320 bytes... [67%] Downloaded 1952686 bytes... [68%] Downloaded 1969052 bytes... [68%] Downloaded 1969088 bytes... [69%] Downloaded 1985454 bytes... [69%] Downloaded 2001820 bytes... [69%] Downloaded 2001856 bytes... [70%] Downloaded 2018222 bytes... [70%] Downloaded 2034588 bytes... [71%] Downloaded 2050990 bytes... [71%] Downloaded 2067356 bytes... [72%] Downloaded 2083758 bytes... [73%] Downloaded 2100124 bytes... [73%] Downloaded 2116526 bytes... [74%] Downloaded 2132892 bytes... [74%] Downloaded 2149294 bytes... [75%] Downloaded 2165660 bytes... [75%] Downloaded 2182062 bytes... [76%] Downloaded 2198428 bytes... [77%] Downloaded 2214830 bytes... [77%] Downloaded 2231196 bytes... [78%] Downloaded 2247598 bytes... [78%] Downloaded 2263964 bytes... [79%] Downloaded 2280366 bytes... [79%] Downloaded 2296732 bytes... [80%] Downloaded 2313098 bytes... [81%] Downloaded 2329464 bytes... [81%] Downloaded 2345902 bytes... [82%] Downloaded 2362268 bytes... [82%] Downloaded 2378670 bytes... [83%] Downloaded 2395036 bytes... [83%] Downloaded 2411438 bytes... [84%] Downloaded 2427804 bytes... [85%] Downloaded 2444206 bytes... [85%] Downloaded 2460572 bytes... [86%] Downloaded 2476974 bytes... [86%] Downloaded 2493340 bytes... [87%] Downloaded 2509742 bytes... [88%] Downloaded 2536115 bytes... [88%] Downloaded 2552481 bytes... [89%] Downloaded 2568883 bytes... [89%] Downloaded 2585249 bytes... [90%] Downloaded 2601651 bytes... [91%] Downloaded 2618017 bytes... [91%] Downloaded 2634419 bytes... [92%] Downloaded 2650785 bytes... [92%] Downloaded 2667187 bytes... [93%] Downloaded 2683553 bytes... [93%] Downloaded 2699955 bytes... [94%] Downloaded 2716321 bytes... [95%] Downloaded 2732723 bytes... [95%] Downloaded 2749089 bytes... [95%] Downloaded 2749125 bytes... [96%] Downloaded 2765491 bytes... [96%] Downloaded 2781857 bytes... [97%] Downloaded 2798259 bytes... [97%] Downloaded 2814625 bytes... [97%] Downloaded 2814661 bytes... [98%] Downloaded 2831027 bytes... [99%] Downloaded 2847393 bytes... [99%] Downloaded 2847429 bytes... [99%] Downloaded 2863795 bytes... [100%] Downloaded 2875289 bytes... [ FAIL 1 | WARN 1 | SKIP 0 | PASS 4 ] ══ Failed tests ════════════════════════════════════════════════════════════════ ── Failure ('test-baf.R:11:3'): baf works ────────────────────────────────────── `out` has length 0, not length 7. [ FAIL 1 | WARN 1 | SKIP 0 | PASS 4 ] Error: Test failures Execution halted Flavor: r-patched-linux-x86_64

Version: 0.0.3
Check: tests
Result: ERROR Running ‘testthat.R’ [2s/3s] Running the tests in ‘tests/testthat.R’ failed. Complete output: > # This file is part of the standard setup for testthat. > # It is recommended that you do not modify it. > # > # Where should you do additional test configuration? > # Learn more about the roles of various files in: > # * https://r-pkgs.org/testing-design.html#sec-tests-files-overview > # * https://testthat.r-lib.org/articles/special-files.html > > library(testthat) > library(baf) > > test_check('baf') [100%] Downloaded 8453 bytes... [ FAIL 2 | WARN 2 | SKIP 0 | PASS 3 ] ══ Failed tests ════════════════════════════════════════════════════════════════ ── Failure ('test-baf.R:11:3'): baf works ────────────────────────────────────── `out` has length 0, not length 7. ── Failure ('test-clean.R:11:3'): clean_bafs works ───────────────────────────── "VTD" %in% names(out) is not TRUE `actual`: FALSE `expected`: TRUE [ FAIL 2 | WARN 2 | SKIP 0 | PASS 3 ] Error: Test failures Execution halted Flavor: r-release-linux-x86_64

Version: 0.0.3
Check: tests
Result: ERROR Running 'testthat.R' [5s] Running the tests in 'tests/testthat.R' failed. Complete output: > # This file is part of the standard setup for testthat. > # It is recommended that you do not modify it. > # > # Where should you do additional test configuration? > # Learn more about the roles of various files in: > # * https://r-pkgs.org/testing-design.html#sec-tests-files-overview > # * https://testthat.r-lib.org/articles/special-files.html > > library(testthat) > library(baf) > > test_check('baf') [100%] Downloaded 8453 bytes... [16%] Downloaded 1360 bytes... [83%] Downloaded 7084 bytes... [100%] Downloaded 8453 bytes... [0%] Downloaded 6836 bytes... [0%] Downloaded 8196 bytes... [0%] Downloaded 24571 bytes... [0%] Downloaded 28713 bytes... [1%] Downloaded 35534 bytes... [1%] Downloaded 48203 bytes... [2%] Downloaded 65536 bytes... [2%] Downloaded 78205 bytes... [3%] Downloaded 94571 bytes... [3%] Downloaded 95103 bytes... [3%] Downloaded 105290 bytes... [4%] Downloaded 121656 bytes... [4%] Downloaded 129618 bytes... [5%] Downloaded 145984 bytes... [5%] Downloaded 146507 bytes... [5%] Downloaded 154956 bytes... [5%] Downloaded 159185 bytes... [5%] Downloaded 162386 bytes... [5%] Downloaded 170826 bytes... [6%] Downloaded 179275 bytes... [6%] Downloaded 187724 bytes... [6%] Downloaded 195154 bytes... [7%] Downloaded 211520 bytes... [7%] Downloaded 227886 bytes... [7%] Downloaded 227922 bytes... [8%] Downloaded 244288 bytes... [9%] Downloaded 260654 bytes... [9%] Downloaded 260690 bytes... [9%] Downloaded 277056 bytes... [10%] Downloaded 293422 bytes... [10%] Downloaded 293458 bytes... [10%] Downloaded 309824 bytes... [11%] Downloaded 326190 bytes... [11%] Downloaded 326226 bytes... [11%] Downloaded 342592 bytes... [12%] Downloaded 358958 bytes... [12%] Downloaded 358994 bytes... [13%] Downloaded 375360 bytes... [13%] Downloaded 391726 bytes... [13%] Downloaded 391762 bytes... [14%] Downloaded 408128 bytes... [14%] Downloaded 424494 bytes... [14%] Downloaded 424530 bytes... [15%] Downloaded 440896 bytes... [15%] Downloaded 457262 bytes... [15%] Downloaded 457298 bytes... [16%] Downloaded 473664 bytes... [17%] Downloaded 490030 bytes... [17%] Downloaded 490066 bytes... [17%] Downloaded 506396 bytes... [18%] Downloaded 522762 bytes... [18%] Downloaded 522834 bytes... [18%] Downloaded 539200 bytes... [19%] Downloaded 555566 bytes... [19%] Downloaded 555602 bytes... [19%] Downloaded 562158 bytes... [20%] Downloaded 578524 bytes... [20%] Downloaded 594890 bytes... [21%] Downloaded 611256 bytes... [21%] Downloaded 611292 bytes... [21%] Downloaded 627658 bytes... [21%] Downloaded 627694 bytes... [22%] Downloaded 644060 bytes... [22%] Downloaded 660426 bytes... [23%] Downloaded 676792 bytes... [23%] Downloaded 676828 bytes... [24%] Downloaded 693194 bytes... [24%] Downloaded 693230 bytes... [24%] Downloaded 709596 bytes... [25%] Downloaded 725962 bytes... [25%] Downloaded 725998 bytes... [25%] Downloaded 742364 bytes... [26%] Downloaded 758730 bytes... [26%] Downloaded 758766 bytes... [26%] Downloaded 775132 bytes... [27%] Downloaded 781422 bytes... [27%] Downloaded 797788 bytes... [28%] Downloaded 814154 bytes... [28%] Downloaded 814190 bytes... [28%] Downloaded 830556 bytes... [29%] Downloaded 846922 bytes... [30%] Downloaded 863288 bytes... [30%] Downloaded 879654 bytes... [30%] Downloaded 879726 bytes... [31%] Downloaded 896092 bytes... [31%] Downloaded 912458 bytes... [32%] Downloaded 928824 bytes... [32%] Downloaded 945190 bytes... [32%] Downloaded 945262 bytes... [33%] Downloaded 961628 bytes... [34%] Downloaded 977994 bytes... [34%] Downloaded 994360 bytes... [34%] Downloaded 1000686 bytes... [35%] Downloaded 1017052 bytes... [35%] Downloaded 1033418 bytes... [35%] Downloaded 1033454 bytes... [36%] Downloaded 1049820 bytes... [37%] Downloaded 1066186 bytes... [37%] Downloaded 1082552 bytes... [37%] Downloaded 1082588 bytes... [38%] Downloaded 1098954 bytes... [38%] Downloaded 1115356 bytes... [39%] Downloaded 1131722 bytes... [39%] Downloaded 1148088 bytes... [40%] Downloaded 1164454 bytes... [40%] Downloaded 1164526 bytes... [41%] Downloaded 1180892 bytes... [41%] Downloaded 1197258 bytes... [41%] Downloaded 1197294 bytes... [42%] Downloaded 1213660 bytes... [42%] Downloaded 1219950 bytes... [42%] Downloaded 1236316 bytes... [43%] Downloaded 1252682 bytes... [43%] Downloaded 1252718 bytes... [44%] Downloaded 1269084 bytes... [44%] Downloaded 1285450 bytes... [44%] Downloaded 1285486 bytes... [45%] Downloaded 1301816 bytes... [45%] Downloaded 1318182 bytes... [46%] Downloaded 1334548 bytes... [46%] Downloaded 1334620 bytes... [46%] Downloaded 1350986 bytes... [46%] Downloaded 1351022 bytes... [47%] Downloaded 1367388 bytes... [48%] Downloaded 1383754 bytes... [48%] Downloaded 1383790 bytes... [48%] Downloaded 1400156 bytes... [49%] Downloaded 1416522 bytes... [49%] Downloaded 1432888 bytes... [49%] Downloaded 1432924 bytes... [50%] Downloaded 1439214 bytes... [50%] Downloaded 1455580 bytes... [51%] Downloaded 1471946 bytes... [51%] Downloaded 1471982 bytes... [51%] Downloaded 1488312 bytes... [52%] Downloaded 1504678 bytes... [52%] Downloaded 1504750 bytes... [52%] Downloaded 1521116 bytes... [53%] Downloaded 1537482 bytes... [53%] Downloaded 1537518 bytes... [54%] Downloaded 1553884 bytes... [54%] Downloaded 1570250 bytes... [54%] Downloaded 1570286 bytes... [55%] Downloaded 1586652 bytes... [55%] Downloaded 1603018 bytes... [55%] Downloaded 1603054 bytes... [56%] Downloaded 1619420 bytes... [56%] Downloaded 1635786 bytes... [56%] Downloaded 1635822 bytes... [57%] Downloaded 1652188 bytes... [58%] Downloaded 1668554 bytes... [58%] Downloaded 1668590 bytes... [58%] Downloaded 1684956 bytes... [59%] Downloaded 1701322 bytes... [59%] Downloaded 1701358 bytes... [59%] Downloaded 1717724 bytes... [60%] Downloaded 1734090 bytes... [60%] Downloaded 1734126 bytes... [60%] Downloaded 1750492 bytes... [61%] Downloaded 1766858 bytes... [61%] Downloaded 1766894 bytes... [62%] Downloaded 1783260 bytes... [62%] Downloaded 1799626 bytes... [62%] Downloaded 1799662 bytes... [63%] Downloaded 1816028 bytes... [63%] Downloaded 1832394 bytes... [63%] Downloaded 1832430 bytes... [64%] Downloaded 1848796 bytes... [64%] Downloaded 1865162 bytes... [64%] Downloaded 1865198 bytes... [65%] Downloaded 1881564 bytes... [66%] Downloaded 1897930 bytes... [66%] Downloaded 1897966 bytes... [66%] Downloaded 1914332 bytes... [67%] Downloaded 1930698 bytes... [67%] Downloaded 1930734 bytes... [67%] Downloaded 1947100 bytes... [68%] Downloaded 1963466 bytes... [68%] Downloaded 1963502 bytes... [68%] Downloaded 1979868 bytes... [69%] Downloaded 1996234 bytes... [69%] Downloaded 1996270 bytes... [69%] Downloaded 2012636 bytes... [70%] Downloaded 2029002 bytes... [70%] Downloaded 2029038 bytes... [71%] Downloaded 2045404 bytes... [71%] Downloaded 2061770 bytes... [71%] Downloaded 2061806 bytes... [72%] Downloaded 2078172 bytes... [72%] Downloaded 2094538 bytes... [72%] Downloaded 2094574 bytes... [73%] Downloaded 2110940 bytes... [74%] Downloaded 2136860 bytes... [74%] Downloaded 2153226 bytes... [74%] Downloaded 2153262 bytes... [75%] Downloaded 2169592 bytes... [76%] Downloaded 2185958 bytes... [76%] Downloaded 2202324 bytes... [76%] Downloaded 2202396 bytes... [77%] Downloaded 2218762 bytes... [77%] Downloaded 2218798 bytes... [77%] Downloaded 2235164 bytes... [78%] Downloaded 2251530 bytes... [78%] Downloaded 2251566 bytes... [78%] Downloaded 2267932 bytes... [79%] Downloaded 2284298 bytes... [79%] Downloaded 2284334 bytes... [80%] Downloaded 2300700 bytes... [80%] Downloaded 2317066 bytes... [80%] Downloaded 2317102 bytes... [81%] Downloaded 2333468 bytes... [81%] Downloaded 2349834 bytes... [81%] Downloaded 2349870 bytes... [82%] Downloaded 2366236 bytes... [82%] Downloaded 2382602 bytes... [83%] Downloaded 2398968 bytes... [84%] Downloaded 2415334 bytes... [84%] Downloaded 2415406 bytes... [84%] Downloaded 2431772 bytes... [85%] Downloaded 2448138 bytes... [85%] Downloaded 2464504 bytes... [86%] Downloaded 2480870 bytes... [86%] Downloaded 2480942 bytes... [86%] Downloaded 2497308 bytes... [87%] Downloaded 2513674 bytes... [87%] Downloaded 2530040 bytes... [87%] Downloaded 2530076 bytes... [88%] Downloaded 2546442 bytes... [88%] Downloaded 2546478 bytes... [89%] Downloaded 2562844 bytes... [89%] Downloaded 2579210 bytes... [89%] Downloaded 2579246 bytes... [90%] Downloaded 2589358 bytes... [90%] Downloaded 2605724 bytes... [91%] Downloaded 2622090 bytes... [91%] Downloaded 2622126 bytes... [91%] Downloaded 2638456 bytes... [92%] Downloaded 2654822 bytes... [92%] Downloaded 2654894 bytes... [92%] Downloaded 2671260 bytes... [93%] Downloaded 2687626 bytes... [93%] Downloaded 2687662 bytes... [94%] Downloaded 2704028 bytes... [94%] Downloaded 2720394 bytes... [94%] Downloaded 2720430 bytes... [95%] Downloaded 2736796 bytes... [95%] Downloaded 2753162 bytes... [95%] Downloaded 2753198 bytes... [96%] Downloaded 2769564 bytes... [96%] Downloaded 2785930 bytes... [96%] Downloaded 2785966 bytes... [97%] Downloaded 2802332 bytes... [97%] Downloaded 2808622 bytes... [98%] Downloaded 2824988 bytes... [98%] Downloaded 2841354 bytes... [99%] Downloaded 2857720 bytes... [99%] Downloaded 2857756 bytes... [99%] Downloaded 2874122 bytes... [100%] Downloaded 2875289 bytes... [ FAIL 1 | WARN 1 | SKIP 0 | PASS 4 ] ══ Failed tests ════════════════════════════════════════════════════════════════ ── Failure ('test-baf.R:11:3'): baf works ────────────────────────────────────── `out` has length 0, not length 7. [ FAIL 1 | WARN 1 | SKIP 0 | PASS 4 ] Error: Test failures Execution halted Flavor: r-release-windows-x86_64

Version: 0.0.3
Check: tests
Result: ERROR Running 'testthat.R' [3s] Running the tests in 'tests/testthat.R' failed. Complete output: > # This file is part of the standard setup for testthat. > # It is recommended that you do not modify it. > # > # Where should you do additional test configuration? > # Learn more about the roles of various files in: > # * https://r-pkgs.org/testing-design.html#sec-tests-files-overview > # * https://testthat.r-lib.org/articles/special-files.html > > library(testthat) > library(baf) > > test_check('baf') [100%] Downloaded 8453 bytes... [ FAIL 2 | WARN 2 | SKIP 0 | PASS 3 ] ══ Failed tests ════════════════════════════════════════════════════════════════ ── Failure ('test-baf.R:11:3'): baf works ────────────────────────────────────── `out` has length 0, not length 7. ── Failure ('test-clean.R:11:3'): clean_bafs works ───────────────────────────── "VTD" %in% names(out) is not TRUE `actual`: FALSE `expected`: TRUE [ FAIL 2 | WARN 2 | SKIP 0 | PASS 3 ] Error: Test failures Execution halted Flavor: r-oldrel-windows-x86_64