CRAN Package Check Results for Package aweSOM

Last updated on 2025-07-03 17:52:08 CEST.

Flavor Version Tinstall Tcheck Ttotal Status Flags
r-devel-linux-x86_64-debian-clang 1.3 5.16 50.82 55.98 OK
r-devel-linux-x86_64-debian-gcc 1.3 3.33 39.34 42.67 OK
r-devel-linux-x86_64-fedora-clang 1.3 86.56 NOTE
r-devel-linux-x86_64-fedora-gcc 1.3 96.20 NOTE
r-devel-windows-x86_64 1.3 7.00 72.00 79.00 OK
r-patched-linux-x86_64 1.3 4.61 48.17 52.78 OK
r-release-linux-x86_64 1.3 3.86 47.79 51.65 OK
r-release-macos-arm64 1.3 36.00 OK
r-release-macos-x86_64 1.3 61.00 OK
r-release-windows-x86_64 1.3 9.00 72.00 81.00 OK
r-oldrel-macos-arm64 1.3 34.00 OK
r-oldrel-macos-x86_64 1.3 68.00 OK
r-oldrel-windows-x86_64 1.3 10.00 83.00 93.00 OK

Check Details

Version: 1.3
Check: dependencies in R code
Result: NOTE Namespaces in Imports field not imported from: ‘DT’ ‘bslib’ ‘rclipboard’ ‘rmarkdown’ All declared Imports should be used. Flavors: r-devel-linux-x86_64-fedora-clang, r-devel-linux-x86_64-fedora-gcc