Last updated on 2025-07-17 21:50:40 CEST.
Flavor | Version | Tinstall | Tcheck | Ttotal | Status | Flags |
---|---|---|---|---|---|---|
r-devel-linux-x86_64-debian-clang | 0.1.3 | 23.90 | 69.69 | 93.59 | NOTE | |
r-devel-linux-x86_64-debian-gcc | 0.1.3 | 16.39 | 50.76 | 67.15 | NOTE | |
r-devel-linux-x86_64-fedora-clang | 0.1.3 | 152.95 | NOTE | |||
r-devel-linux-x86_64-fedora-gcc | 0.1.3 | 152.41 | NOTE | |||
r-devel-windows-x86_64 | 0.1.3 | 27.00 | 105.00 | 132.00 | NOTE | |
r-patched-linux-x86_64 | 0.1.3 | 20.00 | 65.14 | 85.14 | NOTE | |
r-release-linux-x86_64 | 0.1.3 | 20.27 | 64.71 | 84.98 | NOTE | |
r-release-macos-arm64 | 0.1.3 | 47.00 | NOTE | |||
r-release-macos-x86_64 | 0.1.3 | 123.00 | NOTE | |||
r-release-windows-x86_64 | 0.1.3 | 26.00 | 104.00 | 130.00 | NOTE | |
r-oldrel-macos-arm64 | 0.1.3 | 48.00 | NOTE | |||
r-oldrel-macos-x86_64 | 0.1.3 | 65.00 | NOTE | |||
r-oldrel-windows-x86_64 | 0.1.3 | 33.00 | 121.00 | 154.00 | NOTE |
Version: 0.1.3
Check: Rd files
Result: NOTE
checkRd: (-1) avar_mo_cpp.Rd:15: Lost braces in \itemize; \value handles \item{}{} directly
checkRd: (-1) avar_mo_cpp.Rd:16: Lost braces in \itemize; \value handles \item{}{} directly
checkRd: (-1) avar_mo_cpp.Rd:17: Lost braces in \itemize; \value handles \item{}{} directly
checkRd: (-1) avar_to_cpp.Rd:15: Lost braces in \itemize; \value handles \item{}{} directly
checkRd: (-1) avar_to_cpp.Rd:16: Lost braces in \itemize; \value handles \item{}{} directly
checkRd: (-1) avar_to_cpp.Rd:17: Lost braces in \itemize; \value handles \item{}{} directly
Flavors: r-devel-linux-x86_64-debian-clang, r-devel-linux-x86_64-debian-gcc, r-devel-linux-x86_64-fedora-clang, r-devel-linux-x86_64-fedora-gcc, r-devel-windows-x86_64, r-patched-linux-x86_64, r-release-linux-x86_64, r-release-macos-arm64, r-release-macos-x86_64, r-release-windows-x86_64, r-oldrel-macos-arm64, r-oldrel-macos-x86_64, r-oldrel-windows-x86_64