Last updated on 2025-07-04 14:49:22 CEST.
Flavor | Version | Tinstall | Tcheck | Ttotal | Status | Flags |
---|---|---|---|---|---|---|
r-devel-linux-x86_64-debian-clang | 1.0.0 | 15.12 | 228.46 | 243.58 | OK | |
r-devel-linux-x86_64-debian-gcc | 1.0.0 | 9.58 | 149.90 | 159.48 | OK | |
r-devel-linux-x86_64-fedora-clang | 1.0.0 | 387.01 | NOTE | |||
r-devel-linux-x86_64-fedora-gcc | 1.0.0 | 397.07 | NOTE | |||
r-devel-windows-x86_64 | 1.0.0 | 15.00 | 166.00 | 181.00 | OK | |
r-patched-linux-x86_64 | 1.0.0 | 12.51 | 214.60 | 227.11 | OK | |
r-release-linux-x86_64 | 1.0.0 | 13.52 | 213.24 | 226.76 | OK | |
r-release-macos-arm64 | 1.0.0 | 84.00 | OK | |||
r-release-macos-x86_64 | 1.0.0 | 128.00 | OK | |||
r-release-windows-x86_64 | 1.0.0 | 14.00 | 169.00 | 183.00 | OK | |
r-oldrel-macos-arm64 | 1.0.0 | 85.00 | OK | |||
r-oldrel-macos-x86_64 | 1.0.0 | 178.00 | OK | |||
r-oldrel-windows-x86_64 | 1.0.0 | 20.00 | 232.00 | 252.00 | OK |
Version: 1.0.0
Check: dependencies in R code
Result: NOTE
Namespace in Imports field not imported from: ‘mathjaxr’
All declared Imports should be used.
Flavors: r-devel-linux-x86_64-fedora-clang, r-devel-linux-x86_64-fedora-gcc