Last updated on 2025-10-11 02:52:28 CEST.
Flavor | Version | Tinstall | Tcheck | Ttotal | Status | Flags |
---|---|---|---|---|---|---|
r-devel-linux-x86_64-debian-clang | 0.1.0 | 4.55 | 39.12 | 43.67 | OK | |
r-devel-linux-x86_64-debian-gcc | 0.1.0 | 3.17 | 29.34 | 32.51 | OK | |
r-devel-linux-x86_64-fedora-clang | 0.1.0 | 65.59 | OK | |||
r-devel-linux-x86_64-fedora-gcc | 0.1.0 | 61.72 | OK | |||
r-devel-windows-x86_64 | 0.1.0 | 7.00 | 53.00 | 60.00 | OK | |
r-patched-linux-x86_64 | 0.1.0 | 3.88 | 36.95 | 40.83 | OK | |
r-release-linux-x86_64 | 0.1.0 | 4.02 | 37.01 | 41.03 | OK | |
r-release-macos-arm64 | 0.1.0 | 29.00 | OK | |||
r-release-macos-x86_64 | 0.1.0 | 39.00 | OK | |||
r-release-windows-x86_64 | 0.1.0 | 6.00 | 54.00 | 60.00 | OK | |
r-oldrel-macos-arm64 | 0.1.0 | 24.00 | NOTE | |||
r-oldrel-macos-x86_64 | 0.1.0 | 37.00 | NOTE | |||
r-oldrel-windows-x86_64 | 0.1.0 | 8.00 | 65.00 | 73.00 | NOTE |
Version: 0.1.0
Check: LazyData
Result: NOTE
'LazyData' is specified without a 'data' directory
Flavors: r-oldrel-macos-arm64, r-oldrel-macos-x86_64, r-oldrel-windows-x86_64