CRAN Package Check Results for Package acopula

Last updated on 2025-10-10 20:49:44 CEST.

Flavor Version Tinstall Tcheck Ttotal Status Flags
r-devel-linux-x86_64-debian-clang 0.9.4 4.95 38.82 43.77 NOTE
r-devel-linux-x86_64-debian-gcc 0.9.4 3.15 27.45 30.60 NOTE
r-devel-linux-x86_64-fedora-clang 0.9.4 65.28 OK
r-devel-linux-x86_64-fedora-gcc 0.9.4 62.35 OK
r-devel-windows-x86_64 0.9.4 6.00 57.00 63.00 OK
r-patched-linux-x86_64 0.9.4 3.92 35.55 39.47 OK
r-release-linux-x86_64 0.9.4 5.24 36.30 41.54 OK
r-release-macos-arm64 0.9.4 21.00 OK
r-release-macos-x86_64 0.9.4 36.00 OK
r-release-windows-x86_64 0.9.4 5.00 52.00 57.00 OK
r-oldrel-macos-arm64 0.9.4 26.00 OK
r-oldrel-macos-x86_64 0.9.4 30.00 OK
r-oldrel-windows-x86_64 0.9.4 5.00 59.00 64.00 OK

Check Details

Version: 0.9.4
Check: CRAN incoming feasibility
Result: NOTE Maintainer: ‘Tomas Bacigal <bacigal@math.sk>’ No Authors@R field in DESCRIPTION. Please add one, modifying Authors@R: person(given = "Tomas", family = "Bacigal", role = c("aut", "cre"), email = "bacigal@math.sk") as necessary. Flavors: r-devel-linux-x86_64-debian-clang, r-devel-linux-x86_64-debian-gcc