CRAN Package Check Results for Package XKCDdata

Last updated on 2025-10-09 04:52:21 CEST.

Flavor Version Tinstall Tcheck Ttotal Status Flags
r-devel-linux-x86_64-debian-clang 0.1.0 3.65 37.04 40.69 OK
r-devel-linux-x86_64-debian-gcc 0.1.0 2.23 27.50 29.73 OK
r-devel-linux-x86_64-fedora-clang 0.1.0 61.93 NOTE
r-devel-linux-x86_64-fedora-gcc 0.1.0 55.43 NOTE
r-devel-windows-x86_64 0.1.0 6.00 52.00 58.00 OK
r-patched-linux-x86_64 0.1.0 4.04 32.49 36.53 OK
r-release-linux-x86_64 0.1.0 3.27 33.08 36.35 OK
r-release-macos-arm64 0.1.0 23.00 OK
r-release-macos-x86_64 0.1.0 42.00 OK
r-release-windows-x86_64 0.1.0 6.00 52.00 58.00 OK
r-oldrel-macos-arm64 0.1.0 23.00 NOTE
r-oldrel-macos-x86_64 0.1.0 32.00 NOTE
r-oldrel-windows-x86_64 0.1.0 7.00 60.00 67.00 NOTE

Check Details

Version: 0.1.0
Check: dependencies in R code
Result: NOTE Namespace in Imports field not imported from: ‘tibble’ All declared Imports should be used. Flavors: r-devel-linux-x86_64-fedora-clang, r-devel-linux-x86_64-fedora-gcc

Version: 0.1.0
Check: LazyData
Result: NOTE 'LazyData' is specified without a 'data' directory Flavors: r-oldrel-macos-arm64, r-oldrel-macos-x86_64, r-oldrel-windows-x86_64