Last updated on 2025-10-09 09:50:42 CEST.
Flavor | Version | Tinstall | Tcheck | Ttotal | Status | Flags |
---|---|---|---|---|---|---|
r-devel-linux-x86_64-debian-clang | 1.0.2 | 32.60 | 76.30 | 108.90 | OK | |
r-devel-linux-x86_64-debian-gcc | 1.0.2 | 21.40 | 44.59 | 65.99 | OK | |
r-devel-linux-x86_64-fedora-clang | 1.0.2 | 148.18 | OK | |||
r-devel-linux-x86_64-fedora-gcc | 1.0.2 | 154.07 | OK | |||
r-devel-windows-x86_64 | 1.0.2 | 38.00 | 77.00 | 115.00 | OK | |
r-patched-linux-x86_64 | 1.0.2 | 32.21 | 63.53 | 95.74 | OK | |
r-release-linux-x86_64 | 1.0.2 | 30.49 | 61.98 | 92.47 | OK | |
r-release-macos-arm64 | 1.0.2 | 45.00 | OK | |||
r-release-macos-x86_64 | 1.0.2 | 101.00 | OK | |||
r-release-windows-x86_64 | 1.0.2 | 39.00 | 79.00 | 118.00 | OK | |
r-oldrel-macos-arm64 | 1.0.2 | 50.00 | NOTE | |||
r-oldrel-macos-x86_64 | 1.0.2 | 84.00 | NOTE | |||
r-oldrel-windows-x86_64 | 1.0.2 | 46.00 | 103.00 | 149.00 | OK |
Version: 1.0.2
Check: installed package size
Result: NOTE
installed size is 5.2Mb
sub-directories of 1Mb or more:
libs 3.7Mb
Flavors: r-oldrel-macos-arm64, r-oldrel-macos-x86_64